{"id":3237,"date":"2024-12-12T12:30:42","date_gmt":"2024-12-12T16:30:42","guid":{"rendered":"https:\/\/tulibreando.com\/?post_type=product&#038;p=3237"},"modified":"2024-12-12T12:30:42","modified_gmt":"2024-12-12T16:30:42","slug":"50-capsulas-de-amor-propio","status":"publish","type":"product","link":"https:\/\/tulibreando.com\/index.php\/product\/50-capsulas-de-amor-propio\/","title":{"rendered":"50 Capsulas de amor propio"},"content":{"rendered":"<p>Sum\u00e9rgete en una hermosa traves\u00eda creada para abrir tus ojos ante el maravilloso ser que eres. Sara Espejo te llevar\u00e1 de la mano en este hermoso recorrido a trav\u00e9s de &#8220;50 C\u00e1psulas de Amor Propio&#8221;, impuls\u00e1ndote a abrazar quien eres en este justo instante y a amarte incondicionalmente.<br \/>\nEste libro es una fuente inagotable de inspiraci\u00f3n y empoderamiento personal, una invitaci\u00f3n a mirar hacia adentro, y desde all\u00ed sanar y realizar los ajustes necesarios para vivir a plenitud, conectando con lo que realmente queremos para nuestras vidas.<\/p>\n<p>\u00danete a miles de lectores que han sido cautivados por la pasi\u00f3n impregnada en este libro, y descubre c\u00f3mo cultivar un amor propio s\u00f3lido y genuino. Te aseguramos que este libro tendr\u00e1 algo que sentir\u00e1s dedicado a ti de manera exclusiva y personalizada, y podr\u00e1s adue\u00f1arte de sus pr\u00e1cticas herramientas, perspectivas y alternativas que estar\u00e1n disponibles a lo largo del camino.<\/p>\n<p>El abordaje de cada tema est\u00e1 planteado en un marco de gran empat\u00eda y mucho respeto; el lenguaje es cercano y c\u00e1lido, podemos sentirnos abrigados y entendidos con cada palabra. El libro est\u00e1 cargado de hermosas ilustraciones, que har\u00e1n a\u00fan m\u00e1s enriquecedora tu experiencia. Es un libro hecho con amor, que busca (y consigue) que nos amemos m\u00e1s y mejor.<\/p>\n<p>No tenemos que decirte mucho m\u00e1s, porque sabemos que sientes que este libro es para ti, disfr\u00fatalo y saca de \u00e9l, el mayor provecho.<\/p>\n","protected":false},"excerpt":{"rendered":"<p>Sum\u00e9rgete en una hermosa traves\u00eda creada para abrir tus ojos ante el maravilloso ser que eres. Sara Espejo te llevar\u00e1 de la mano en este hermoso recorrido a trav\u00e9s de &#8220;50 C\u00e1psulas de Amor Propio&#8221;, impuls\u00e1ndote a abrazar quien eres en este justo instante y a amarte incondicionalmente. Este libro es una fuente inagotable de [&hellip;]<\/p>\n","protected":false},"featured_media":3238,"comment_status":"open","ping_status":"closed","template":"","meta":{"_acf_changed":false,"product_autor":""},"product_cat":[39,36],"product_tag":[],"class_list":{"0":"post-3237","1":"product","2":"type-product","3":"status-publish","4":"has-post-thumbnail","6":"product_cat-crecimiento-personal","7":"product_cat-libros","9":"first","10":"instock","11":"shipping-taxable","12":"purchasable","13":"product-type-simple"},"acf":[],"_links":{"self":[{"href":"https:\/\/tulibreando.com\/index.php\/wp-json\/wp\/v2\/product\/3237"}],"collection":[{"href":"https:\/\/tulibreando.com\/index.php\/wp-json\/wp\/v2\/product"}],"about":[{"href":"https:\/\/tulibreando.com\/index.php\/wp-json\/wp\/v2\/types\/product"}],"replies":[{"embeddable":true,"href":"https:\/\/tulibreando.com\/index.php\/wp-json\/wp\/v2\/comments?post=3237"}],"wp:featuredmedia":[{"embeddable":true,"href":"https:\/\/tulibreando.com\/index.php\/wp-json\/wp\/v2\/media\/3238"}],"wp:attachment":[{"href":"https:\/\/tulibreando.com\/index.php\/wp-json\/wp\/v2\/media?parent=3237"}],"wp:term":[{"taxonomy":"product_cat","embeddable":true,"href":"https:\/\/tulibreando.com\/index.php\/wp-json\/wp\/v2\/product_cat?post=3237"},{"taxonomy":"product_tag","embeddable":true,"href":"https:\/\/tulibreando.com\/index.php\/wp-json\/wp\/v2\/product_tag?post=3237"}],"curies":[{"name":"wp","href":"https:\/\/api.w.org\/{rel}","templated":true}]}}