{"id":3235,"date":"2024-12-12T12:24:40","date_gmt":"2024-12-12T16:24:40","guid":{"rendered":"https:\/\/tulibreando.com\/?post_type=product&#038;p=3235"},"modified":"2024-12-12T12:24:40","modified_gmt":"2024-12-12T16:24:40","slug":"las-cuatro-despues-de-la-media-noche","status":"publish","type":"product","link":"https:\/\/tulibreando.com\/index.php\/product\/las-cuatro-despues-de-la-media-noche\/","title":{"rendered":"Las cuatro despues de la media noche"},"content":{"rendered":"<p><span class=\"a-text-bold\">Miedo multiplicado por dos es igual a terror absoluto.<\/span><\/p>\n<p>Si conseguiste sobrevivir m\u00e1s all\u00e1 de\u00a0<span class=\"a-text-italic\">Las dos despu\u00e9s de medianoche<\/span>, ahora est\u00e1s obligado a encontrar el secreto m\u00e1s horripilante que jam\u00e1s ha escondido un pueblo, y a enfocar a una bestia que despedazar\u00e1 tu cordura.<\/p>\n<p>Simplemente, vuelves a estar en las manos de Stephen King, paralizado por otro extraordinario doblete de novelas que detendr\u00e1 tu coraz\u00f3n&#8230; justo a las cuatro despu\u00e9s de medianoche.<\/p>\n","protected":false},"excerpt":{"rendered":"<p>Miedo multiplicado por dos es igual a terror absoluto. Si conseguiste sobrevivir m\u00e1s all\u00e1 de\u00a0Las dos despu\u00e9s de medianoche, ahora est\u00e1s obligado a encontrar el secreto m\u00e1s horripilante que jam\u00e1s ha escondido un pueblo, y a enfocar a una bestia que despedazar\u00e1 tu cordura. Simplemente, vuelves a estar en las manos de Stephen King, paralizado [&hellip;]<\/p>\n","protected":false},"featured_media":3236,"comment_status":"open","ping_status":"closed","template":"","meta":{"_acf_changed":false,"product_autor":""},"product_cat":[36,45],"product_tag":[],"class_list":{"0":"post-3235","1":"product","2":"type-product","3":"status-publish","4":"has-post-thumbnail","6":"product_cat-libros","7":"product_cat-literatura-y-novelas","9":"first","10":"instock","11":"shipping-taxable","12":"purchasable","13":"product-type-simple"},"acf":[],"_links":{"self":[{"href":"https:\/\/tulibreando.com\/index.php\/wp-json\/wp\/v2\/product\/3235"}],"collection":[{"href":"https:\/\/tulibreando.com\/index.php\/wp-json\/wp\/v2\/product"}],"about":[{"href":"https:\/\/tulibreando.com\/index.php\/wp-json\/wp\/v2\/types\/product"}],"replies":[{"embeddable":true,"href":"https:\/\/tulibreando.com\/index.php\/wp-json\/wp\/v2\/comments?post=3235"}],"wp:featuredmedia":[{"embeddable":true,"href":"https:\/\/tulibreando.com\/index.php\/wp-json\/wp\/v2\/media\/3236"}],"wp:attachment":[{"href":"https:\/\/tulibreando.com\/index.php\/wp-json\/wp\/v2\/media?parent=3235"}],"wp:term":[{"taxonomy":"product_cat","embeddable":true,"href":"https:\/\/tulibreando.com\/index.php\/wp-json\/wp\/v2\/product_cat?post=3235"},{"taxonomy":"product_tag","embeddable":true,"href":"https:\/\/tulibreando.com\/index.php\/wp-json\/wp\/v2\/product_tag?post=3235"}],"curies":[{"name":"wp","href":"https:\/\/api.w.org\/{rel}","templated":true}]}}