{"id":3230,"date":"2024-12-12T12:01:46","date_gmt":"2024-12-12T16:01:46","guid":{"rendered":"https:\/\/tulibreando.com\/?post_type=product&#038;p=3230"},"modified":"2024-12-12T12:02:08","modified_gmt":"2024-12-12T16:02:08","slug":"la-hija-de-la-fortuna","status":"publish","type":"product","link":"https:\/\/tulibreando.com\/index.php\/product\/la-hija-de-la-fortuna\/","title":{"rendered":"La hija de la fortuna"},"content":{"rendered":"<p>Hija de la fortuna es un retrato palpitante de una \u00e9poca marcada por la violencia y la codicia en la cual los protagonistas rescatan el amor, la amistad, la compasi\u00f3n y el valor.<\/p>\n<p>Eliza Sommers es una joven chilena que vive en Valpara\u00edso en 1849, el a\u00f1o en que se descubre oro en California. Su amante, Joaqu\u00edn Andieta, parte hacia el norte decidido a encontrar fortuna y ella se decide a seguirlo. El viaje infernal, escondida en la cala de un velero, y la b\u00fasqueda de su amante en una tierra de hombres solos y prostitutas atra\u00eddos por la fiebre del oro, transforman a la joven inocente en una mujer fuera de lo com\u00fan.<\/p>\n","protected":false},"excerpt":{"rendered":"<p>Hija de la fortuna es un retrato palpitante de una \u00e9poca marcada por la violencia y la codicia en la cual los protagonistas rescatan el amor, la amistad, la compasi\u00f3n y el valor. Eliza Sommers es una joven chilena que vive en Valpara\u00edso en 1849, el a\u00f1o en que se descubre oro en California. Su [&hellip;]<\/p>\n","protected":false},"featured_media":3232,"comment_status":"open","ping_status":"closed","template":"","meta":{"_acf_changed":false,"product_autor":""},"product_cat":[47,36,45],"product_tag":[],"class_list":{"0":"post-3230","1":"product","2":"type-product","3":"status-publish","4":"has-post-thumbnail","6":"product_cat-historia-y-bibligrafias","7":"product_cat-libros","8":"product_cat-literatura-y-novelas","10":"first","11":"instock","12":"shipping-taxable","13":"purchasable","14":"product-type-simple"},"acf":[],"_links":{"self":[{"href":"https:\/\/tulibreando.com\/index.php\/wp-json\/wp\/v2\/product\/3230"}],"collection":[{"href":"https:\/\/tulibreando.com\/index.php\/wp-json\/wp\/v2\/product"}],"about":[{"href":"https:\/\/tulibreando.com\/index.php\/wp-json\/wp\/v2\/types\/product"}],"replies":[{"embeddable":true,"href":"https:\/\/tulibreando.com\/index.php\/wp-json\/wp\/v2\/comments?post=3230"}],"wp:featuredmedia":[{"embeddable":true,"href":"https:\/\/tulibreando.com\/index.php\/wp-json\/wp\/v2\/media\/3232"}],"wp:attachment":[{"href":"https:\/\/tulibreando.com\/index.php\/wp-json\/wp\/v2\/media?parent=3230"}],"wp:term":[{"taxonomy":"product_cat","embeddable":true,"href":"https:\/\/tulibreando.com\/index.php\/wp-json\/wp\/v2\/product_cat?post=3230"},{"taxonomy":"product_tag","embeddable":true,"href":"https:\/\/tulibreando.com\/index.php\/wp-json\/wp\/v2\/product_tag?post=3230"}],"curies":[{"name":"wp","href":"https:\/\/api.w.org\/{rel}","templated":true}]}}