{"id":3200,"date":"2024-12-05T22:32:30","date_gmt":"2024-12-06T02:32:30","guid":{"rendered":"https:\/\/tulibreando.com\/?post_type=product&#038;p=3200"},"modified":"2024-12-05T22:32:30","modified_gmt":"2024-12-06T02:32:30","slug":"traguese-ese-sapo","status":"publish","type":"product","link":"https:\/\/tulibreando.com\/index.php\/product\/traguese-ese-sapo\/","title":{"rendered":"Tr\u00e1guese ese sapo"},"content":{"rendered":"<p>Tr\u00e1guese ese sapo, 21 estrategias para tomar decisiones r\u00e1pidas y mejorar la eficacia personal, de Brian Tracy, es un libro que explica c\u00f3mo mejorar la productividad sin tener que ponernos al d\u00eda con todas las tareas que tenemos por hacer.<\/p>\n<p>Se enfoca en entender como seleccionar la tarea m\u00e1s importante, aquella cuyas consecuencias tendr\u00e1n el mejor impacto en nuestros objetivos, aunque generalmente es justamente esa la que inconscientemente decidimos postergar, por ser la m\u00e1s tediosa, fea o dura.<\/p>\n<p>&nbsp;<\/p>\n","protected":false},"excerpt":{"rendered":"<p>Tr\u00e1guese ese sapo, 21 estrategias para tomar decisiones r\u00e1pidas y mejorar la eficacia personal, de Brian Tracy, es un libro que explica c\u00f3mo mejorar la productividad sin tener que ponernos al d\u00eda con todas las tareas que tenemos por hacer. Se enfoca en entender como seleccionar la tarea m\u00e1s importante, aquella cuyas consecuencias tendr\u00e1n el [&hellip;]<\/p>\n","protected":false},"featured_media":3201,"comment_status":"open","ping_status":"closed","template":"","meta":{"_acf_changed":false,"product_autor":""},"product_cat":[39,50,36,37],"product_tag":[],"class_list":{"0":"post-3200","1":"product","2":"type-product","3":"status-publish","4":"has-post-thumbnail","6":"product_cat-crecimiento-personal","7":"product_cat-destacados","8":"product_cat-libros","9":"product_cat-negocios","11":"first","12":"instock","13":"shipping-taxable","14":"purchasable","15":"product-type-simple"},"acf":[],"_links":{"self":[{"href":"https:\/\/tulibreando.com\/index.php\/wp-json\/wp\/v2\/product\/3200"}],"collection":[{"href":"https:\/\/tulibreando.com\/index.php\/wp-json\/wp\/v2\/product"}],"about":[{"href":"https:\/\/tulibreando.com\/index.php\/wp-json\/wp\/v2\/types\/product"}],"replies":[{"embeddable":true,"href":"https:\/\/tulibreando.com\/index.php\/wp-json\/wp\/v2\/comments?post=3200"}],"wp:featuredmedia":[{"embeddable":true,"href":"https:\/\/tulibreando.com\/index.php\/wp-json\/wp\/v2\/media\/3201"}],"wp:attachment":[{"href":"https:\/\/tulibreando.com\/index.php\/wp-json\/wp\/v2\/media?parent=3200"}],"wp:term":[{"taxonomy":"product_cat","embeddable":true,"href":"https:\/\/tulibreando.com\/index.php\/wp-json\/wp\/v2\/product_cat?post=3200"},{"taxonomy":"product_tag","embeddable":true,"href":"https:\/\/tulibreando.com\/index.php\/wp-json\/wp\/v2\/product_tag?post=3200"}],"curies":[{"name":"wp","href":"https:\/\/api.w.org\/{rel}","templated":true}]}}