{"id":3192,"date":"2024-12-04T12:46:24","date_gmt":"2024-12-04T16:46:24","guid":{"rendered":"https:\/\/tulibreando.com\/?post_type=product&#038;p=3192"},"modified":"2024-12-04T12:46:25","modified_gmt":"2024-12-04T16:46:25","slug":"imperio-de-tormentas","status":"publish","type":"product","link":"https:\/\/tulibreando.com\/index.php\/product\/imperio-de-tormentas\/","title":{"rendered":"Imperio de tormentas"},"content":{"rendered":"<p data-adtags-visited=\"true\">El largo camino al trono apenas comienza para Aelin Galathynius, pues la guerra se cierne en el horizonte. Se han roto y se han comprado lealtades, se han ganado y perdido amistades, y quienes poseen magia se oponen a quienes no.<\/p>\n<p>Con el coraz\u00f3n comprometido al pr\u00edncipe guerrero a su lado, y habiendo jurado fidelidad a la gente que est\u00e1 resuelta a salvar, Aelin hurgar\u00e1 en las profundidades de su poder para proteger a aquellos que ama. Pero a medida que los monstruos emergen de los horrores del pasado, y las fuerzas oscuras se preparan para reclamar su mundo, la \u00fanica posibilidad de salvaci\u00f3n reside en una b\u00fasqueda desesperada que podr\u00eda marcar el fin de todo lo que Aelin ama en la vida.<\/p>\n<p>LOS REINOS EST\u00c1N A PUNTO DE COLISIONAR<\/p>\n","protected":false},"excerpt":{"rendered":"<p>El largo camino al trono apenas comienza para Aelin Galathynius, pues la guerra se cierne en el horizonte. Se han roto y se han comprado lealtades, se han ganado y perdido amistades, y quienes poseen magia se oponen a quienes no. Con el coraz\u00f3n comprometido al pr\u00edncipe guerrero a su lado, y habiendo jurado fidelidad [&hellip;]<\/p>\n","protected":false},"featured_media":3194,"comment_status":"open","ping_status":"closed","template":"","meta":{"_acf_changed":false,"product_autor":""},"product_cat":[36,45],"product_tag":[],"class_list":{"0":"post-3192","1":"product","2":"type-product","3":"status-publish","4":"has-post-thumbnail","6":"product_cat-libros","7":"product_cat-literatura-y-novelas","9":"first","10":"instock","11":"shipping-taxable","12":"purchasable","13":"product-type-simple"},"acf":[],"_links":{"self":[{"href":"https:\/\/tulibreando.com\/index.php\/wp-json\/wp\/v2\/product\/3192"}],"collection":[{"href":"https:\/\/tulibreando.com\/index.php\/wp-json\/wp\/v2\/product"}],"about":[{"href":"https:\/\/tulibreando.com\/index.php\/wp-json\/wp\/v2\/types\/product"}],"replies":[{"embeddable":true,"href":"https:\/\/tulibreando.com\/index.php\/wp-json\/wp\/v2\/comments?post=3192"}],"wp:featuredmedia":[{"embeddable":true,"href":"https:\/\/tulibreando.com\/index.php\/wp-json\/wp\/v2\/media\/3194"}],"wp:attachment":[{"href":"https:\/\/tulibreando.com\/index.php\/wp-json\/wp\/v2\/media?parent=3192"}],"wp:term":[{"taxonomy":"product_cat","embeddable":true,"href":"https:\/\/tulibreando.com\/index.php\/wp-json\/wp\/v2\/product_cat?post=3192"},{"taxonomy":"product_tag","embeddable":true,"href":"https:\/\/tulibreando.com\/index.php\/wp-json\/wp\/v2\/product_tag?post=3192"}],"curies":[{"name":"wp","href":"https:\/\/api.w.org\/{rel}","templated":true}]}}