{"id":3184,"date":"2024-12-04T11:54:43","date_gmt":"2024-12-04T15:54:43","guid":{"rendered":"https:\/\/tulibreando.com\/?post_type=product&#038;p=3184"},"modified":"2024-12-04T11:56:49","modified_gmt":"2024-12-04T15:56:49","slug":"trono-de-cristal","status":"publish","type":"product","link":"https:\/\/tulibreando.com\/index.php\/product\/trono-de-cristal\/","title":{"rendered":"Trono de cristal"},"content":{"rendered":"<p>En un mundo sin magia, y tras un a\u00f1o de trabajos forzados en las minas de sal, una joven asesina es convocada al palacio. Pero ella no acude para acabar con el sanguinario rey que gobierna desde su trono de cristal, sino para conquistar su propia libertad. Si vence a veintitr\u00e9s asesinos, ladrones y guerreros en una competencia a vida o muerte, ser\u00e1 absuelta de prisi\u00f3n para ejercer como campeona real<\/p>\n<p>Su nombre es Celaena Sardothien.<\/p>\n<div class=\"wordads-ad-wrapper wordads-ad-wrapper--inline\">\n<div class=\"wordads-ad\">\n<div class=\"wordads-ad-controls\">\n<p>El pr\u00edncipe la provocar\u00e1. El capit\u00e1n de guardia la proteger\u00e1. Una princesa de lejanas tierras se convertir\u00e1 en su amiga. Pero algo maligno mora en el castillo y est\u00e1 ah\u00ed para matar. Mientras sus competidores van cayendo uno a uno, la lucha de Celaena por su liberaci\u00f3n deviene una lucha por la supervivencia y una incesante b\u00fasqueda del origen del mal antes de que \u00e9ste destruya su mundo.<\/p>\n<p><strong>UN CORAZ\u00d3N DE HIELO. UNA VOLUNTAD DE HIERRO. BELLA. LETAL. DESTINADA A LA GRANDEZA.<\/strong><\/p>\n<\/div>\n<\/div>\n<\/div>\n","protected":false},"excerpt":{"rendered":"<div class=\"wordads-ad-wrapper wordads-ad-wrapper--inline\">\n<div class=\"wordads-ad\">\n<div class=\"wordads-ad-controls\"><\/div>\n<\/div>\n<\/div>\n","protected":false},"featured_media":3183,"comment_status":"open","ping_status":"closed","template":"","meta":{"_acf_changed":false,"product_autor":""},"product_cat":[50,36,45],"product_tag":[],"class_list":{"0":"post-3184","1":"product","2":"type-product","3":"status-publish","4":"has-post-thumbnail","6":"product_cat-destacados","7":"product_cat-libros","8":"product_cat-literatura-y-novelas","10":"first","11":"instock","12":"shipping-taxable","13":"purchasable","14":"product-type-simple"},"acf":[],"_links":{"self":[{"href":"https:\/\/tulibreando.com\/index.php\/wp-json\/wp\/v2\/product\/3184"}],"collection":[{"href":"https:\/\/tulibreando.com\/index.php\/wp-json\/wp\/v2\/product"}],"about":[{"href":"https:\/\/tulibreando.com\/index.php\/wp-json\/wp\/v2\/types\/product"}],"replies":[{"embeddable":true,"href":"https:\/\/tulibreando.com\/index.php\/wp-json\/wp\/v2\/comments?post=3184"}],"wp:featuredmedia":[{"embeddable":true,"href":"https:\/\/tulibreando.com\/index.php\/wp-json\/wp\/v2\/media\/3183"}],"wp:attachment":[{"href":"https:\/\/tulibreando.com\/index.php\/wp-json\/wp\/v2\/media?parent=3184"}],"wp:term":[{"taxonomy":"product_cat","embeddable":true,"href":"https:\/\/tulibreando.com\/index.php\/wp-json\/wp\/v2\/product_cat?post=3184"},{"taxonomy":"product_tag","embeddable":true,"href":"https:\/\/tulibreando.com\/index.php\/wp-json\/wp\/v2\/product_tag?post=3184"}],"curies":[{"name":"wp","href":"https:\/\/api.w.org\/{rel}","templated":true}]}}