{"id":3087,"date":"2024-06-14T20:44:39","date_gmt":"2024-06-15T00:44:39","guid":{"rendered":"https:\/\/tulibreando.com\/?post_type=product&#038;p=3087"},"modified":"2024-06-14T20:44:39","modified_gmt":"2024-06-15T00:44:39","slug":"un-laberinto-de-traiciones-oscuras","status":"publish","type":"product","link":"https:\/\/tulibreando.com\/index.php\/product\/un-laberinto-de-traiciones-oscuras\/","title":{"rendered":"Un laberinto de traiciones oscuras"},"content":{"rendered":"<p><strong>El destino de todo un reino est\u00e1 en sus manos La segunda parte del\u00a0romance fant\u00e1stico\u00a0<em>Un reino de promesas malditas.<\/em><\/strong><\/p>\n<p><strong>Segunda parte del\u00a0<\/strong><strong>romance\u00a0<em>fantasy\u00a0<\/em>lleno de acci\u00f3n y de intrigas sobre una chica que se ver\u00e1 atrapada entre dos cortes y sus seductores pr\u00edncipes<\/strong><\/p>\n<p>Despu\u00e9s de que su hermana Jas fuera secuestrada por los fae, Brie pensaba que las cosas no podr\u00edan empeorar. Pero lo cierto es que sigue atrapada en una red de mentiras que ella misma ha tejido \u2014enamorada de dos pr\u00edncipes pero sin confiar en ninguno\u2014.<\/p>\n<p>Cuando estalle la guerra civil en la Corte de la Luna, Brie se ver\u00e1 incapaz de escoger. Y es que, \u00bfc\u00f3mo puede saber de qu\u00e9 lado est\u00e1 cuando ni siquiera se conoce a s\u00ed misma?<\/p>\n<p>Con la tierra de Faerie desgarr\u00e1ndose desde el interior, la continuaci\u00f3n de esta aventura rom\u00e1ntica y oscura nos muestra que no importa cu\u00e1nto Brie quiera resistirse, no podr\u00e1 escapar de su destino, que determinar\u00e1 tambi\u00e9n el de Faerie.<\/p>\n","protected":false},"excerpt":{"rendered":"<p>El destino de todo un reino est\u00e1 en sus manos La segunda parte del\u00a0romance fant\u00e1stico\u00a0Un reino de promesas malditas. Segunda parte del\u00a0romance\u00a0fantasy\u00a0lleno de acci\u00f3n y de intrigas sobre una chica que se ver\u00e1 atrapada entre dos cortes y sus seductores pr\u00edncipes Despu\u00e9s de que su hermana Jas fuera secuestrada por los fae, Brie pensaba que [&hellip;]<\/p>\n","protected":false},"featured_media":3088,"comment_status":"open","ping_status":"closed","template":"","meta":{"_acf_changed":false,"product_autor":""},"product_cat":[45],"product_tag":[],"class_list":{"0":"post-3087","1":"product","2":"type-product","3":"status-publish","4":"has-post-thumbnail","6":"product_cat-literatura-y-novelas","8":"first","9":"instock","10":"virtual","11":"purchasable","12":"product-type-simple"},"acf":[],"_links":{"self":[{"href":"https:\/\/tulibreando.com\/index.php\/wp-json\/wp\/v2\/product\/3087"}],"collection":[{"href":"https:\/\/tulibreando.com\/index.php\/wp-json\/wp\/v2\/product"}],"about":[{"href":"https:\/\/tulibreando.com\/index.php\/wp-json\/wp\/v2\/types\/product"}],"replies":[{"embeddable":true,"href":"https:\/\/tulibreando.com\/index.php\/wp-json\/wp\/v2\/comments?post=3087"}],"wp:featuredmedia":[{"embeddable":true,"href":"https:\/\/tulibreando.com\/index.php\/wp-json\/wp\/v2\/media\/3088"}],"wp:attachment":[{"href":"https:\/\/tulibreando.com\/index.php\/wp-json\/wp\/v2\/media?parent=3087"}],"wp:term":[{"taxonomy":"product_cat","embeddable":true,"href":"https:\/\/tulibreando.com\/index.php\/wp-json\/wp\/v2\/product_cat?post=3087"},{"taxonomy":"product_tag","embeddable":true,"href":"https:\/\/tulibreando.com\/index.php\/wp-json\/wp\/v2\/product_tag?post=3087"}],"curies":[{"name":"wp","href":"https:\/\/api.w.org\/{rel}","templated":true}]}}