{"id":3017,"date":"2024-06-12T13:19:51","date_gmt":"2024-06-12T17:19:51","guid":{"rendered":"https:\/\/tulibreando.com\/?post_type=product&#038;p=3017"},"modified":"2024-06-12T13:19:52","modified_gmt":"2024-06-12T17:19:52","slug":"la-sociedad-de-la-nieve","status":"publish","type":"product","link":"https:\/\/tulibreando.com\/index.php\/product\/la-sociedad-de-la-nieve\/","title":{"rendered":"La sociedad de la nieve"},"content":{"rendered":"<p>El 13 de octubre de 1972 un avi\u00f3n de la Fuerza A\u00e9rea Uruguaya se estrell\u00f3 en la cordillera de los Andes. Iban a bordo cuarenta y cinco personas, diecis\u00e9is de las cuales fallecieron en el acto o pocas horas despu\u00e9s. Con alrededor de veinte a\u00f1os, a cuatro mil metros de altura y treinta grados bajo cero, sin abrigo ni comida, la relaci\u00f3n entre v\u00edctimas y sobrevivientes se invirti\u00f3 y solo regresaron con vida diecis\u00e9is.<br \/>\n<strong>Pablo Vierci,<\/strong>\u00a0compa\u00f1ero de colegio de los sobrevivientes y de muchos de los que murieron, recrea a trav\u00e9s de sus voces el mundo del que proven\u00edan, los momentos previos al accidente, la experiencia en la monta\u00f1a, la decisi\u00f3n de alimentarse de los cuerpos de sus compa\u00f1eros, la expedici\u00f3n en busca de ayuda, los d\u00edas posteriores al rescate y la vida que sigui\u00f3 a la tragedia. Trascendiendo la an\u00e9cdota, su texto compone un mosaico grandioso sobre el que se proyectan diecis\u00e9is cordilleras, as\u00ed como las historias truncas de los que no volvieron.<br \/>\nTras medio siglo madurando y aprendiendo las lecciones detr\u00e1s de la tragedia y la adversidad que vivieron, en un escenario desmesurado y solitario, perdidos en medio de la nada, abandonados por el mundo, quienes sobrevivieron lograron crear una sociedad diferente a todas las conocidas, marcada por un pacto de entrega mutua.<\/p>\n","protected":false},"excerpt":{"rendered":"<p>El 13 de octubre de 1972 un avi\u00f3n de la Fuerza A\u00e9rea Uruguaya se estrell\u00f3 en la cordillera de los Andes. Iban a bordo cuarenta y cinco personas, diecis\u00e9is de las cuales fallecieron en el acto o pocas horas despu\u00e9s. Con alrededor de veinte a\u00f1os, a cuatro mil metros de altura y treinta grados bajo [&hellip;]<\/p>\n","protected":false},"featured_media":3018,"comment_status":"open","ping_status":"closed","template":"","meta":{"_acf_changed":false,"product_autor":""},"product_cat":[47],"product_tag":[],"class_list":{"0":"post-3017","1":"product","2":"type-product","3":"status-publish","4":"has-post-thumbnail","6":"product_cat-historia-y-bibligrafias","8":"first","9":"instock","10":"virtual","11":"purchasable","12":"product-type-simple"},"acf":[],"_links":{"self":[{"href":"https:\/\/tulibreando.com\/index.php\/wp-json\/wp\/v2\/product\/3017"}],"collection":[{"href":"https:\/\/tulibreando.com\/index.php\/wp-json\/wp\/v2\/product"}],"about":[{"href":"https:\/\/tulibreando.com\/index.php\/wp-json\/wp\/v2\/types\/product"}],"replies":[{"embeddable":true,"href":"https:\/\/tulibreando.com\/index.php\/wp-json\/wp\/v2\/comments?post=3017"}],"wp:featuredmedia":[{"embeddable":true,"href":"https:\/\/tulibreando.com\/index.php\/wp-json\/wp\/v2\/media\/3018"}],"wp:attachment":[{"href":"https:\/\/tulibreando.com\/index.php\/wp-json\/wp\/v2\/media?parent=3017"}],"wp:term":[{"taxonomy":"product_cat","embeddable":true,"href":"https:\/\/tulibreando.com\/index.php\/wp-json\/wp\/v2\/product_cat?post=3017"},{"taxonomy":"product_tag","embeddable":true,"href":"https:\/\/tulibreando.com\/index.php\/wp-json\/wp\/v2\/product_tag?post=3017"}],"curies":[{"name":"wp","href":"https:\/\/api.w.org\/{rel}","templated":true}]}}