{"id":2884,"date":"2024-06-04T13:03:49","date_gmt":"2024-06-04T17:03:49","guid":{"rendered":"https:\/\/tulibreando.com\/?post_type=product&#038;p=2884"},"modified":"2024-06-06T15:18:13","modified_gmt":"2024-06-06T19:18:13","slug":"yolo-aventuras-los-impostores-del-espacio","status":"publish","type":"product","link":"https:\/\/tulibreando.com\/index.php\/product\/yolo-aventuras-los-impostores-del-espacio\/","title":{"rendered":"Yolo aventuras los impostores del espacio"},"content":{"rendered":"<p><span class=\"s2\"><strong>\u00a1Unos malvados impostores espaciales han llegado a la Tierra para robar la identidad de los Aventureros y esclavizar a la humanidad!<\/strong><\/span><\/p>\n<p>Pero los extraterrestres no saben algo: Yolo, Mariana, Nando y Panda tienen en su poder la legendaria Piedra de Saturno, que les permite viajar a trav\u00e9s del tiempo y el espacio para descubrir la verdad detr\u00e1s de los misterios m\u00e1s misteriosos del universo.<\/p>\n","protected":false},"excerpt":{"rendered":"<p>\u00a1Unos malvados impostores espaciales han llegado a la Tierra para robar la identidad de los Aventureros y esclavizar a la humanidad! Pero los extraterrestres no saben algo: Yolo, Mariana, Nando y Panda tienen en su poder la legendaria Piedra de Saturno, que les permite viajar a trav\u00e9s del tiempo y el espacio para descubrir la [&hellip;]<\/p>\n","protected":false},"featured_media":2885,"comment_status":"open","ping_status":"closed","template":"","meta":{"_acf_changed":false,"product_autor":""},"product_cat":[46],"product_tag":[],"class_list":{"0":"post-2884","1":"product","2":"type-product","3":"status-publish","4":"has-post-thumbnail","6":"product_cat-para-peques-y-no-tan-peques","8":"first","9":"instock","10":"virtual","11":"purchasable","12":"product-type-simple"},"acf":[],"_links":{"self":[{"href":"https:\/\/tulibreando.com\/index.php\/wp-json\/wp\/v2\/product\/2884"}],"collection":[{"href":"https:\/\/tulibreando.com\/index.php\/wp-json\/wp\/v2\/product"}],"about":[{"href":"https:\/\/tulibreando.com\/index.php\/wp-json\/wp\/v2\/types\/product"}],"replies":[{"embeddable":true,"href":"https:\/\/tulibreando.com\/index.php\/wp-json\/wp\/v2\/comments?post=2884"}],"wp:featuredmedia":[{"embeddable":true,"href":"https:\/\/tulibreando.com\/index.php\/wp-json\/wp\/v2\/media\/2885"}],"wp:attachment":[{"href":"https:\/\/tulibreando.com\/index.php\/wp-json\/wp\/v2\/media?parent=2884"}],"wp:term":[{"taxonomy":"product_cat","embeddable":true,"href":"https:\/\/tulibreando.com\/index.php\/wp-json\/wp\/v2\/product_cat?post=2884"},{"taxonomy":"product_tag","embeddable":true,"href":"https:\/\/tulibreando.com\/index.php\/wp-json\/wp\/v2\/product_tag?post=2884"}],"curies":[{"name":"wp","href":"https:\/\/api.w.org\/{rel}","templated":true}]}}