{"id":2837,"date":"2024-06-03T14:01:46","date_gmt":"2024-06-03T18:01:46","guid":{"rendered":"https:\/\/tulibreando.com\/?post_type=product&#038;p=2837"},"modified":"2024-06-06T15:18:09","modified_gmt":"2024-06-06T19:18:09","slug":"el-secreto-de-su-mente","status":"publish","type":"product","link":"https:\/\/tulibreando.com\/index.php\/product\/el-secreto-de-su-mente\/","title":{"rendered":"El secreto de su mente"},"content":{"rendered":"<p>Rosalind Franklin es feliz en el laboratorio, ah\u00ed da rienda suelta a su imaginaci\u00f3n y realiza los experimentos que, est\u00e1 segura, cambiar\u00e1n el mundo de la ciencia. Lo \u00fanico que ensombrece ese universo perfecto son sus compa\u00f1eros, especialmente Maurice Wilkins, James Watson y Francis Crick, quienes la menosprecian por ser mujer. Por eso, cuando el director del laboratorio le asigna trabajar en la estructura del adn, ella est\u00e1 decidida a demostrar que es tan brillante como cualquier hombre y que puede descubrir todos los secretos que guardan los genes, aunque la exposici\u00f3n constante a los rayos X ponga en riesgo su vida. Cuando finalmente la estructura de doble h\u00e9lice del adn se le revela con perfecta claridad, son sus colegas, y no Rosalind, quienes reciben el cr\u00e9dito.<\/p>\n","protected":false},"excerpt":{"rendered":"<p>Rosalind Franklin es feliz en el laboratorio, ah\u00ed da rienda suelta a su imaginaci\u00f3n y realiza los experimentos que, est\u00e1 segura, cambiar\u00e1n el mundo de la ciencia. Lo \u00fanico que ensombrece ese universo perfecto son sus compa\u00f1eros, especialmente Maurice Wilkins, James Watson y Francis Crick, quienes la menosprecian por ser mujer. Por eso, cuando el [&hellip;]<\/p>\n","protected":false},"featured_media":2838,"comment_status":"open","ping_status":"closed","template":"","meta":{"_acf_changed":false,"product_autor":""},"product_cat":[45],"product_tag":[],"class_list":{"0":"post-2837","1":"product","2":"type-product","3":"status-publish","4":"has-post-thumbnail","6":"product_cat-literatura-y-novelas","8":"first","9":"instock","10":"virtual","11":"purchasable","12":"product-type-simple"},"acf":[],"_links":{"self":[{"href":"https:\/\/tulibreando.com\/index.php\/wp-json\/wp\/v2\/product\/2837"}],"collection":[{"href":"https:\/\/tulibreando.com\/index.php\/wp-json\/wp\/v2\/product"}],"about":[{"href":"https:\/\/tulibreando.com\/index.php\/wp-json\/wp\/v2\/types\/product"}],"replies":[{"embeddable":true,"href":"https:\/\/tulibreando.com\/index.php\/wp-json\/wp\/v2\/comments?post=2837"}],"wp:featuredmedia":[{"embeddable":true,"href":"https:\/\/tulibreando.com\/index.php\/wp-json\/wp\/v2\/media\/2838"}],"wp:attachment":[{"href":"https:\/\/tulibreando.com\/index.php\/wp-json\/wp\/v2\/media?parent=2837"}],"wp:term":[{"taxonomy":"product_cat","embeddable":true,"href":"https:\/\/tulibreando.com\/index.php\/wp-json\/wp\/v2\/product_cat?post=2837"},{"taxonomy":"product_tag","embeddable":true,"href":"https:\/\/tulibreando.com\/index.php\/wp-json\/wp\/v2\/product_tag?post=2837"}],"curies":[{"name":"wp","href":"https:\/\/api.w.org\/{rel}","templated":true}]}}