{"id":2753,"date":"2024-06-02T16:37:16","date_gmt":"2024-06-02T20:37:16","guid":{"rendered":"https:\/\/tulibreando.com\/?post_type=product&#038;p=2753"},"modified":"2024-06-06T15:18:04","modified_gmt":"2024-06-06T19:18:04","slug":"bold-ash-saltan-chispas","status":"publish","type":"product","link":"https:\/\/tulibreando.com\/index.php\/product\/bold-ash-saltan-chispas\/","title":{"rendered":"Bold Ash Saltan chispas"},"content":{"rendered":"<p>Ashley Bennet lleva la vida colgada de Tyler Sparks, el\u00a0<em>quarterback\u00a0<\/em>del equipo de f\u00fatbol del instituto. Ella lo sabe, sus amigas lo saben, \u00e9l lo sabe, \u00a1todo el instituto lo sabe! El problema es que Ashley tambi\u00e9n sabe que nunca ser\u00e1 suyo. Pero Cameron Parker, el mejor amigo de Tyler, le propone algo: ayudarla a conseguir que el chico de sus sue\u00f1os se fije en ella.<\/p>\n<p>Cameron Parker ha elegido a la chica perfecta. Solo hay que pulirla un poco. En cuanto lo consiga, el resto saldr\u00e1 rodado. Podr\u00e1 librarse de la bruja con la que sale su mejor amigo y conseguir que este vuelva a ser el de antes. Lo tiene todo meticulosamente calculado.<\/p>\n","protected":false},"excerpt":{"rendered":"<p>Ashley Bennet lleva la vida colgada de Tyler Sparks, el\u00a0quarterback\u00a0del equipo de f\u00fatbol del instituto. Ella lo sabe, sus amigas lo saben, \u00e9l lo sabe, \u00a1todo el instituto lo sabe! El problema es que Ashley tambi\u00e9n sabe que nunca ser\u00e1 suyo. Pero Cameron Parker, el mejor amigo de Tyler, le propone algo: ayudarla a conseguir [&hellip;]<\/p>\n","protected":false},"featured_media":2754,"comment_status":"open","ping_status":"closed","template":"","meta":{"_acf_changed":false,"product_autor":""},"product_cat":[45],"product_tag":[],"class_list":{"0":"post-2753","1":"product","2":"type-product","3":"status-publish","4":"has-post-thumbnail","6":"product_cat-literatura-y-novelas","8":"first","9":"instock","10":"virtual","11":"purchasable","12":"product-type-simple"},"acf":[],"_links":{"self":[{"href":"https:\/\/tulibreando.com\/index.php\/wp-json\/wp\/v2\/product\/2753"}],"collection":[{"href":"https:\/\/tulibreando.com\/index.php\/wp-json\/wp\/v2\/product"}],"about":[{"href":"https:\/\/tulibreando.com\/index.php\/wp-json\/wp\/v2\/types\/product"}],"replies":[{"embeddable":true,"href":"https:\/\/tulibreando.com\/index.php\/wp-json\/wp\/v2\/comments?post=2753"}],"wp:featuredmedia":[{"embeddable":true,"href":"https:\/\/tulibreando.com\/index.php\/wp-json\/wp\/v2\/media\/2754"}],"wp:attachment":[{"href":"https:\/\/tulibreando.com\/index.php\/wp-json\/wp\/v2\/media?parent=2753"}],"wp:term":[{"taxonomy":"product_cat","embeddable":true,"href":"https:\/\/tulibreando.com\/index.php\/wp-json\/wp\/v2\/product_cat?post=2753"},{"taxonomy":"product_tag","embeddable":true,"href":"https:\/\/tulibreando.com\/index.php\/wp-json\/wp\/v2\/product_tag?post=2753"}],"curies":[{"name":"wp","href":"https:\/\/api.w.org\/{rel}","templated":true}]}}