{"id":2676,"date":"2024-06-01T09:36:13","date_gmt":"2024-06-01T13:36:13","guid":{"rendered":"https:\/\/tulibreando.com\/?post_type=product&#038;p=2676"},"modified":"2024-06-06T15:17:58","modified_gmt":"2024-06-06T19:17:58","slug":"el-camino-de-la-escritura","status":"publish","type":"product","link":"https:\/\/tulibreando.com\/index.php\/product\/el-camino-de-la-escritura\/","title":{"rendered":"El camino de la escritura"},"content":{"rendered":"<p>Un programa de seis semanas para sumergirte en el arte de escribir y sacar tu lado m\u00e1s creativo de la mano de la autora de El camino del artista.<\/p>\n<p>Una carta de amor a la escritura a trav\u00e9s de la cual Julia Cameron comparte herramientas que cualquier persona puede utilizar y orienta cuidadosamente al lector para que recorra paso a paso el camino de la escritura. Se trata de una gu\u00eda para todos aquellos que quieran trabajar en un proyecto creativo, tanto para quienes est\u00e1n empezando como para los escritores experimentados.<\/p>\n<p>Es un manual para fomentar la creatividad, desarrollar disciplina como escritor y animar a las personas a silenciar la cr\u00edtica interior y seguir su intuici\u00f3n. Este libro es una compa\u00f1\u00eda en tu viaje literario para lograr que la idea pueda para convertirse en una realidad. La autora explica t\u00e9cnicas muy \u00fatiles y brinda orientaci\u00f3n respecto a temas comunes, entre ellos la procrastinaci\u00f3n, c\u00f3mo iniciar un proyecto y c\u00f3mo lidiar con la duda y los plazos. El arte de escribir es una lectura fundamental para quienes hayan completado el programa de El camino del artista, y ayudar\u00e1 al lector a alcanzar su objetivo, se trate de una novela, una poes\u00eda, un guion de pel\u00edcula, un mon\u00f3logo, una canci\u00f3n o ese texto que has escrito o est\u00e1s escribiendo en estos momentos.<\/p>\n","protected":false},"excerpt":{"rendered":"<p>Un programa de seis semanas para sumergirte en el arte de escribir y sacar tu lado m\u00e1s creativo de la mano de la autora de El camino del artista. Una carta de amor a la escritura a trav\u00e9s de la cual Julia Cameron comparte herramientas que cualquier persona puede utilizar y orienta cuidadosamente al lector [&hellip;]<\/p>\n","protected":false},"featured_media":2677,"comment_status":"open","ping_status":"closed","template":"","meta":{"_acf_changed":false,"product_autor":""},"product_cat":[40],"product_tag":[],"class_list":{"0":"post-2676","1":"product","2":"type-product","3":"status-publish","4":"has-post-thumbnail","6":"product_cat-tecnicos","8":"first","9":"instock","10":"virtual","11":"purchasable","12":"product-type-simple"},"acf":[],"_links":{"self":[{"href":"https:\/\/tulibreando.com\/index.php\/wp-json\/wp\/v2\/product\/2676"}],"collection":[{"href":"https:\/\/tulibreando.com\/index.php\/wp-json\/wp\/v2\/product"}],"about":[{"href":"https:\/\/tulibreando.com\/index.php\/wp-json\/wp\/v2\/types\/product"}],"replies":[{"embeddable":true,"href":"https:\/\/tulibreando.com\/index.php\/wp-json\/wp\/v2\/comments?post=2676"}],"wp:featuredmedia":[{"embeddable":true,"href":"https:\/\/tulibreando.com\/index.php\/wp-json\/wp\/v2\/media\/2677"}],"wp:attachment":[{"href":"https:\/\/tulibreando.com\/index.php\/wp-json\/wp\/v2\/media?parent=2676"}],"wp:term":[{"taxonomy":"product_cat","embeddable":true,"href":"https:\/\/tulibreando.com\/index.php\/wp-json\/wp\/v2\/product_cat?post=2676"},{"taxonomy":"product_tag","embeddable":true,"href":"https:\/\/tulibreando.com\/index.php\/wp-json\/wp\/v2\/product_tag?post=2676"}],"curies":[{"name":"wp","href":"https:\/\/api.w.org\/{rel}","templated":true}]}}