{"id":2601,"date":"2024-05-29T12:54:12","date_gmt":"2024-05-29T16:54:12","guid":{"rendered":"https:\/\/tulibreando.com\/?post_type=product&#038;p=2601"},"modified":"2024-06-06T15:17:56","modified_gmt":"2024-06-06T19:17:56","slug":"dimelo-en-secreto","status":"publish","type":"product","link":"https:\/\/tulibreando.com\/index.php\/product\/dimelo-en-secreto\/","title":{"rendered":"Dimelo en secreto"},"content":{"rendered":"<p>Kamila Hamilton vuelve a tener a sus dos mejores amigos en su vida. El problema es que Taylor y Thiago Di Bianco ya no son simples amigos. Ahora son mucho m\u00e1s.<\/p>\n<p>Thiago y sus ojos verdes la dejan sin respiraci\u00f3n.<\/p>\n<p>Taylor y sus ojos azules jam\u00e1s la decepcionar\u00e1n.<\/p>\n<p>Los hermanos han crecido y junto a ellos lo que siente Kamila. Y ahora que su vida se desmorona por momentos, su familia se desintegra y sus amigas le dan la espalda, los necesitar\u00e1 m\u00e1s que nunca&#8230; a los dos.<\/p>\n<p>\u00bfC\u00f3mo reaccionar\u00e1 Kami cuando Thiago bese otros labios?<\/p>\n<p>\u00bfSer\u00e1 capaz de proteger a Taylor de sus propios sentimientos?<\/p>\n<p>\u00bfCu\u00e1nto tiempo m\u00e1s podr\u00e1 mantener el pasado bajo llave?<\/p>\n","protected":false},"excerpt":{"rendered":"<p>Kamila Hamilton vuelve a tener a sus dos mejores amigos en su vida. El problema es que Taylor y Thiago Di Bianco ya no son simples amigos. Ahora son mucho m\u00e1s. Thiago y sus ojos verdes la dejan sin respiraci\u00f3n. Taylor y sus ojos azules jam\u00e1s la decepcionar\u00e1n. Los hermanos han crecido y junto a [&hellip;]<\/p>\n","protected":false},"featured_media":2602,"comment_status":"open","ping_status":"closed","template":"","meta":{"_acf_changed":false,"product_autor":""},"product_cat":[45],"product_tag":[],"class_list":{"0":"post-2601","1":"product","2":"type-product","3":"status-publish","4":"has-post-thumbnail","6":"product_cat-literatura-y-novelas","8":"first","9":"instock","10":"virtual","11":"purchasable","12":"product-type-simple"},"acf":[],"_links":{"self":[{"href":"https:\/\/tulibreando.com\/index.php\/wp-json\/wp\/v2\/product\/2601"}],"collection":[{"href":"https:\/\/tulibreando.com\/index.php\/wp-json\/wp\/v2\/product"}],"about":[{"href":"https:\/\/tulibreando.com\/index.php\/wp-json\/wp\/v2\/types\/product"}],"replies":[{"embeddable":true,"href":"https:\/\/tulibreando.com\/index.php\/wp-json\/wp\/v2\/comments?post=2601"}],"wp:featuredmedia":[{"embeddable":true,"href":"https:\/\/tulibreando.com\/index.php\/wp-json\/wp\/v2\/media\/2602"}],"wp:attachment":[{"href":"https:\/\/tulibreando.com\/index.php\/wp-json\/wp\/v2\/media?parent=2601"}],"wp:term":[{"taxonomy":"product_cat","embeddable":true,"href":"https:\/\/tulibreando.com\/index.php\/wp-json\/wp\/v2\/product_cat?post=2601"},{"taxonomy":"product_tag","embeddable":true,"href":"https:\/\/tulibreando.com\/index.php\/wp-json\/wp\/v2\/product_tag?post=2601"}],"curies":[{"name":"wp","href":"https:\/\/api.w.org\/{rel}","templated":true}]}}