{"id":2535,"date":"2024-05-23T13:58:36","date_gmt":"2024-05-23T17:58:36","guid":{"rendered":"https:\/\/tulibreando.com\/?post_type=product&#038;p=2535"},"modified":"2024-06-06T15:17:52","modified_gmt":"2024-06-06T19:17:52","slug":"el-efecto-gratitud-2","status":"publish","type":"product","link":"https:\/\/tulibreando.com\/index.php\/product\/el-efecto-gratitud-2\/","title":{"rendered":"El Efecto Gratitud"},"content":{"rendered":"<p>Con El efecto gratitud, John Demartini, uno de los grandes gu\u00edas espirituales de nuestro tiempo, nos invita a saltar a un nuevo nivel de conciencia que cambiar\u00e1 radicalmente las distintas facetas de nuestra existencia, desde el trabajo o las finanzas hasta las relaciones o el bienestar f\u00edsico. A menudo nos sentimos frustrados por ideales que no se ven satisfechos, por deseos que no sabemos c\u00f3mo realizar. John Demartini nos ense\u00f1a que la ra\u00edz de todas nuestras insatisfacciones se encuentra en unas expectativas poco realistas respecto a nosotros mismos y a los dem\u00e1s. Para alcanzar una vida m\u00e1s rica y consciente debemos empezar por revisar nuestras prioridades y averiguar cu\u00e1les son los valores que gobiernan nuestra vida. Con ejercicios pr\u00e1cticos y casos extra\u00eddos de su propia experiencia, uno de los grandes sabios de la \u00e9poca nos invita a un colapso cu\u00e1ntico que modificar\u00e1 para siempre nuestra percepci\u00f3n del mundo y de nosotros mismos.<\/p>\n","protected":false},"excerpt":{"rendered":"<p>Con El efecto gratitud, John Demartini, uno de los grandes gu\u00edas espirituales de nuestro tiempo, nos invita a saltar a un nuevo nivel de conciencia que cambiar\u00e1 radicalmente las distintas facetas de nuestra existencia, desde el trabajo o las finanzas hasta las relaciones o el bienestar f\u00edsico. A menudo nos sentimos frustrados por ideales que [&hellip;]<\/p>\n","protected":false},"featured_media":2536,"comment_status":"open","ping_status":"closed","template":"","meta":{"_acf_changed":false,"product_autor":""},"product_cat":[39],"product_tag":[],"class_list":{"0":"post-2535","1":"product","2":"type-product","3":"status-publish","4":"has-post-thumbnail","6":"product_cat-crecimiento-personal","8":"first","9":"instock","10":"virtual","11":"purchasable","12":"product-type-simple"},"acf":[],"_links":{"self":[{"href":"https:\/\/tulibreando.com\/index.php\/wp-json\/wp\/v2\/product\/2535"}],"collection":[{"href":"https:\/\/tulibreando.com\/index.php\/wp-json\/wp\/v2\/product"}],"about":[{"href":"https:\/\/tulibreando.com\/index.php\/wp-json\/wp\/v2\/types\/product"}],"replies":[{"embeddable":true,"href":"https:\/\/tulibreando.com\/index.php\/wp-json\/wp\/v2\/comments?post=2535"}],"wp:featuredmedia":[{"embeddable":true,"href":"https:\/\/tulibreando.com\/index.php\/wp-json\/wp\/v2\/media\/2536"}],"wp:attachment":[{"href":"https:\/\/tulibreando.com\/index.php\/wp-json\/wp\/v2\/media?parent=2535"}],"wp:term":[{"taxonomy":"product_cat","embeddable":true,"href":"https:\/\/tulibreando.com\/index.php\/wp-json\/wp\/v2\/product_cat?post=2535"},{"taxonomy":"product_tag","embeddable":true,"href":"https:\/\/tulibreando.com\/index.php\/wp-json\/wp\/v2\/product_tag?post=2535"}],"curies":[{"name":"wp","href":"https:\/\/api.w.org\/{rel}","templated":true}]}}