{"id":2465,"date":"2024-05-22T12:32:08","date_gmt":"2024-05-22T16:32:08","guid":{"rendered":"https:\/\/tulibreando.com\/?post_type=product&#038;p=2465"},"modified":"2024-12-06T13:09:41","modified_gmt":"2024-12-06T17:09:41","slug":"anne-frank-diario","status":"publish","type":"product","link":"https:\/\/tulibreando.com\/index.php\/product\/anne-frank-diario\/","title":{"rendered":"El diario de Anna Frank"},"content":{"rendered":"<p>El diario de Ana Frank&#8221; es un diario escrito por la ni\u00f1a Ana Frank entre el 12 de junio de 1942 y el 4 de agosto de 1944. Oculta con su familia y otros jud\u00edos en una buhardilla de unos almacenes de \u00c1msterdam durante la ocupaci\u00f3n nazi de Holanda, Ana Frank con trece a\u00f1os cuenta en su diario la vida del grupo.<\/p>\n","protected":false},"excerpt":{"rendered":"<p>El diario de Ana Frank&#8221; es un diario escrito por la ni\u00f1a Ana Frank entre el 12 de junio de 1942 y el 4 de agosto de 1944. Oculta con su familia y otros jud\u00edos en una buhardilla de unos almacenes de \u00c1msterdam durante la ocupaci\u00f3n nazi de Holanda, Ana Frank con trece a\u00f1os cuenta [&hellip;]<\/p>\n","protected":false},"featured_media":2466,"comment_status":"open","ping_status":"closed","template":"","meta":{"_acf_changed":false,"product_autor":""},"product_cat":[47],"product_tag":[],"class_list":{"0":"post-2465","1":"product","2":"type-product","3":"status-publish","4":"has-post-thumbnail","6":"product_cat-historia-y-bibligrafias","8":"first","9":"instock","10":"virtual","11":"purchasable","12":"product-type-simple"},"acf":[],"_links":{"self":[{"href":"https:\/\/tulibreando.com\/index.php\/wp-json\/wp\/v2\/product\/2465"}],"collection":[{"href":"https:\/\/tulibreando.com\/index.php\/wp-json\/wp\/v2\/product"}],"about":[{"href":"https:\/\/tulibreando.com\/index.php\/wp-json\/wp\/v2\/types\/product"}],"replies":[{"embeddable":true,"href":"https:\/\/tulibreando.com\/index.php\/wp-json\/wp\/v2\/comments?post=2465"}],"wp:featuredmedia":[{"embeddable":true,"href":"https:\/\/tulibreando.com\/index.php\/wp-json\/wp\/v2\/media\/2466"}],"wp:attachment":[{"href":"https:\/\/tulibreando.com\/index.php\/wp-json\/wp\/v2\/media?parent=2465"}],"wp:term":[{"taxonomy":"product_cat","embeddable":true,"href":"https:\/\/tulibreando.com\/index.php\/wp-json\/wp\/v2\/product_cat?post=2465"},{"taxonomy":"product_tag","embeddable":true,"href":"https:\/\/tulibreando.com\/index.php\/wp-json\/wp\/v2\/product_tag?post=2465"}],"curies":[{"name":"wp","href":"https:\/\/api.w.org\/{rel}","templated":true}]}}