{"id":2461,"date":"2024-05-20T14:18:10","date_gmt":"2024-05-20T18:18:10","guid":{"rendered":"https:\/\/tulibreando.com\/?post_type=product&#038;p=2461"},"modified":"2024-06-06T15:17:48","modified_gmt":"2024-06-06T19:17:48","slug":"este-dolor-no-es-mio","status":"publish","type":"product","link":"https:\/\/tulibreando.com\/index.php\/product\/este-dolor-no-es-mio\/","title":{"rendered":"Este dolor no es m\u00edo"},"content":{"rendered":"<p>La evidencia cient\u00edfca muestra que los traumas pueden ser heredados.<br \/>\nExisten pruebas fiables de que muchos problemas cr\u00f3nicos o de largo plazo pueden no tener su origen en nuestras vivencias inmediatas o en desequilibrios qu\u00edmicos de nuestro cerebro, sino en las vidas de nuestros padres, abuelos o bisabuelos. Mark Wolynn, fundador y director del Instituto de Constelaciones Familiares (FCI) y pionero en el estudio de los traumas familiares heredados, presenta en &#8220;Este dolor no es m\u00edo&#8221; un enfoque transformador que permite resolver problemas cr\u00f3nicos que no han podido ser aliviados mediante la terapia tradicional, los medicamentos u otras medidas<\/p>\n","protected":false},"excerpt":{"rendered":"<p>La evidencia cient\u00edfca muestra que los traumas pueden ser heredados. Existen pruebas fiables de que muchos problemas cr\u00f3nicos o de largo plazo pueden no tener su origen en nuestras vivencias inmediatas o en desequilibrios qu\u00edmicos de nuestro cerebro, sino en las vidas de nuestros padres, abuelos o bisabuelos. Mark Wolynn, fundador y director del Instituto [&hellip;]<\/p>\n","protected":false},"featured_media":2462,"comment_status":"open","ping_status":"closed","template":"","meta":{"_acf_changed":false,"product_autor":""},"product_cat":[39,38],"product_tag":[],"class_list":{"0":"post-2461","1":"product","2":"type-product","3":"status-publish","4":"has-post-thumbnail","6":"product_cat-crecimiento-personal","7":"product_cat-salud","9":"first","10":"instock","11":"virtual","12":"purchasable","13":"product-type-simple"},"acf":[],"_links":{"self":[{"href":"https:\/\/tulibreando.com\/index.php\/wp-json\/wp\/v2\/product\/2461"}],"collection":[{"href":"https:\/\/tulibreando.com\/index.php\/wp-json\/wp\/v2\/product"}],"about":[{"href":"https:\/\/tulibreando.com\/index.php\/wp-json\/wp\/v2\/types\/product"}],"replies":[{"embeddable":true,"href":"https:\/\/tulibreando.com\/index.php\/wp-json\/wp\/v2\/comments?post=2461"}],"wp:featuredmedia":[{"embeddable":true,"href":"https:\/\/tulibreando.com\/index.php\/wp-json\/wp\/v2\/media\/2462"}],"wp:attachment":[{"href":"https:\/\/tulibreando.com\/index.php\/wp-json\/wp\/v2\/media?parent=2461"}],"wp:term":[{"taxonomy":"product_cat","embeddable":true,"href":"https:\/\/tulibreando.com\/index.php\/wp-json\/wp\/v2\/product_cat?post=2461"},{"taxonomy":"product_tag","embeddable":true,"href":"https:\/\/tulibreando.com\/index.php\/wp-json\/wp\/v2\/product_tag?post=2461"}],"curies":[{"name":"wp","href":"https:\/\/api.w.org\/{rel}","templated":true}]}}