{"id":2391,"date":"2024-05-16T13:53:26","date_gmt":"2024-05-16T17:53:26","guid":{"rendered":"https:\/\/tulibreando.com\/?post_type=product&#038;p=2391"},"modified":"2024-06-06T15:17:43","modified_gmt":"2024-06-06T19:17:43","slug":"para-verte-mejor","status":"publish","type":"product","link":"https:\/\/tulibreando.com\/index.php\/product\/para-verte-mejor\/","title":{"rendered":"Para verte mejor"},"content":{"rendered":"<p>Kayla es detective privado y tiene entre manos un delicado caso en el que trabajar en Atlas, el pueblo en el que veraneaba de peque\u00f1a. Lo que no se imaginaba era que su investigaci\u00f3n se convertir\u00eda en una compleja tela de ara\u00f1a y que en ella aparecer\u00eda Hunter, el hombre que, salido de un mundo bestial, crudo y de leyendas, la pondr\u00eda entre la espada y la pared. Ese ser\u00eda el inicio de una aventura violenta y pasional, que la desafiar\u00eda a cruzar los l\u00edmites de lo cre\u00edble, y que le exigir\u00eda entregarse a las emociones y hurgar en su pasado para entender qui\u00e9n era ella en el presente.<\/p>\n","protected":false},"excerpt":{"rendered":"<p>Kayla es detective privado y tiene entre manos un delicado caso en el que trabajar en Atlas, el pueblo en el que veraneaba de peque\u00f1a. Lo que no se imaginaba era que su investigaci\u00f3n se convertir\u00eda en una compleja tela de ara\u00f1a y que en ella aparecer\u00eda Hunter, el hombre que, salido de un mundo [&hellip;]<\/p>\n","protected":false},"featured_media":2312,"comment_status":"open","ping_status":"closed","template":"","meta":{"_acf_changed":false,"product_autor":""},"product_cat":[45],"product_tag":[],"class_list":{"0":"post-2391","1":"product","2":"type-product","3":"status-publish","4":"has-post-thumbnail","6":"product_cat-literatura-y-novelas","8":"first","9":"instock","10":"virtual","11":"purchasable","12":"product-type-simple"},"acf":[],"_links":{"self":[{"href":"https:\/\/tulibreando.com\/index.php\/wp-json\/wp\/v2\/product\/2391"}],"collection":[{"href":"https:\/\/tulibreando.com\/index.php\/wp-json\/wp\/v2\/product"}],"about":[{"href":"https:\/\/tulibreando.com\/index.php\/wp-json\/wp\/v2\/types\/product"}],"replies":[{"embeddable":true,"href":"https:\/\/tulibreando.com\/index.php\/wp-json\/wp\/v2\/comments?post=2391"}],"wp:featuredmedia":[{"embeddable":true,"href":"https:\/\/tulibreando.com\/index.php\/wp-json\/wp\/v2\/media\/2312"}],"wp:attachment":[{"href":"https:\/\/tulibreando.com\/index.php\/wp-json\/wp\/v2\/media?parent=2391"}],"wp:term":[{"taxonomy":"product_cat","embeddable":true,"href":"https:\/\/tulibreando.com\/index.php\/wp-json\/wp\/v2\/product_cat?post=2391"},{"taxonomy":"product_tag","embeddable":true,"href":"https:\/\/tulibreando.com\/index.php\/wp-json\/wp\/v2\/product_tag?post=2391"}],"curies":[{"name":"wp","href":"https:\/\/api.w.org\/{rel}","templated":true}]}}