{"id":2376,"date":"2024-05-16T13:53:22","date_gmt":"2024-05-16T17:53:22","guid":{"rendered":"https:\/\/tulibreando.com\/?post_type=product&#038;p=2376"},"modified":"2024-06-06T15:17:41","modified_gmt":"2024-06-06T19:17:41","slug":"bruma-roja","status":"publish","type":"product","link":"https:\/\/tulibreando.com\/index.php\/product\/bruma-roja\/","title":{"rendered":"Bruma roja"},"content":{"rendered":"<p>Cuando los habitantes de Fabel convocan una asamblea clandestina para acabar con el Hada Madrina, la villana que conjur\u00f3 la bruma que les ha hecho olvidar todo lo que fueron, nadie espera que aparezca Roja. All\u00ed se encuentra tambi\u00e9n Lobo, un hombre alto, moreno y de intensos ojos amarillos que la tienta con un reto casi imposible: aniquilar ella misma a la tirana.<\/p>\n","protected":false},"excerpt":{"rendered":"<p>Cuando los habitantes de Fabel convocan una asamblea clandestina para acabar con el Hada Madrina, la villana que conjur\u00f3 la bruma que les ha hecho olvidar todo lo que fueron, nadie espera que aparezca Roja. All\u00ed se encuentra tambi\u00e9n Lobo, un hombre alto, moreno y de intensos ojos amarillos que la tienta con un reto [&hellip;]<\/p>\n","protected":false},"featured_media":2327,"comment_status":"open","ping_status":"closed","template":"","meta":{"_acf_changed":false,"product_autor":""},"product_cat":[45],"product_tag":[],"class_list":{"0":"post-2376","1":"product","2":"type-product","3":"status-publish","4":"has-post-thumbnail","6":"product_cat-literatura-y-novelas","8":"first","9":"instock","10":"virtual","11":"purchasable","12":"product-type-simple"},"acf":[],"_links":{"self":[{"href":"https:\/\/tulibreando.com\/index.php\/wp-json\/wp\/v2\/product\/2376"}],"collection":[{"href":"https:\/\/tulibreando.com\/index.php\/wp-json\/wp\/v2\/product"}],"about":[{"href":"https:\/\/tulibreando.com\/index.php\/wp-json\/wp\/v2\/types\/product"}],"replies":[{"embeddable":true,"href":"https:\/\/tulibreando.com\/index.php\/wp-json\/wp\/v2\/comments?post=2376"}],"wp:featuredmedia":[{"embeddable":true,"href":"https:\/\/tulibreando.com\/index.php\/wp-json\/wp\/v2\/media\/2327"}],"wp:attachment":[{"href":"https:\/\/tulibreando.com\/index.php\/wp-json\/wp\/v2\/media?parent=2376"}],"wp:term":[{"taxonomy":"product_cat","embeddable":true,"href":"https:\/\/tulibreando.com\/index.php\/wp-json\/wp\/v2\/product_cat?post=2376"},{"taxonomy":"product_tag","embeddable":true,"href":"https:\/\/tulibreando.com\/index.php\/wp-json\/wp\/v2\/product_tag?post=2376"}],"curies":[{"name":"wp","href":"https:\/\/api.w.org\/{rel}","templated":true}]}}