{"id":2366,"date":"2024-05-16T13:53:21","date_gmt":"2024-05-16T17:53:21","guid":{"rendered":"https:\/\/tulibreando.com\/?post_type=product&#038;p=2366"},"modified":"2024-06-06T15:17:38","modified_gmt":"2024-06-06T19:17:38","slug":"harry-potter-y-el-misterio-del-principe","status":"publish","type":"product","link":"https:\/\/tulibreando.com\/index.php\/product\/harry-potter-y-el-misterio-del-principe\/","title":{"rendered":"Harry potter y el misterio del principe"},"content":{"rendered":"<p>A pesar de los f\u00e9rreos controles de seguridad que protegen la escuela, dos alumnos son brutalmente atacados. Dumbledore sabe que se acerca el momento, anunciado por la Profec\u00eda, en que Harry y Voldemort se enfrentar\u00e1n a muerte: \u00abEl \u00fanico con poder para vencer al Se\u00f1or Tenebroso se acerca&#8230; Uno de los dos debe morir a manos del otro, pues ninguno de los dos podr\u00e1 vivir mientras siga el otro con vida<\/p>\n","protected":false},"excerpt":{"rendered":"<p>A pesar de los f\u00e9rreos controles de seguridad que protegen la escuela, dos alumnos son brutalmente atacados. Dumbledore sabe que se acerca el momento, anunciado por la Profec\u00eda, en que Harry y Voldemort se enfrentar\u00e1n a muerte: \u00abEl \u00fanico con poder para vencer al Se\u00f1or Tenebroso se acerca&#8230; Uno de los dos debe morir a [&hellip;]<\/p>\n","protected":false},"featured_media":2338,"comment_status":"open","ping_status":"closed","template":"","meta":{"_acf_changed":false,"product_autor":""},"product_cat":[46],"product_tag":[],"class_list":{"0":"post-2366","1":"product","2":"type-product","3":"status-publish","4":"has-post-thumbnail","6":"product_cat-para-peques-y-no-tan-peques","8":"first","9":"instock","10":"virtual","11":"purchasable","12":"product-type-simple"},"acf":[],"_links":{"self":[{"href":"https:\/\/tulibreando.com\/index.php\/wp-json\/wp\/v2\/product\/2366"}],"collection":[{"href":"https:\/\/tulibreando.com\/index.php\/wp-json\/wp\/v2\/product"}],"about":[{"href":"https:\/\/tulibreando.com\/index.php\/wp-json\/wp\/v2\/types\/product"}],"replies":[{"embeddable":true,"href":"https:\/\/tulibreando.com\/index.php\/wp-json\/wp\/v2\/comments?post=2366"}],"wp:featuredmedia":[{"embeddable":true,"href":"https:\/\/tulibreando.com\/index.php\/wp-json\/wp\/v2\/media\/2338"}],"wp:attachment":[{"href":"https:\/\/tulibreando.com\/index.php\/wp-json\/wp\/v2\/media?parent=2366"}],"wp:term":[{"taxonomy":"product_cat","embeddable":true,"href":"https:\/\/tulibreando.com\/index.php\/wp-json\/wp\/v2\/product_cat?post=2366"},{"taxonomy":"product_tag","embeddable":true,"href":"https:\/\/tulibreando.com\/index.php\/wp-json\/wp\/v2\/product_tag?post=2366"}],"curies":[{"name":"wp","href":"https:\/\/api.w.org\/{rel}","templated":true}]}}