{"id":2272,"date":"2024-05-15T20:51:22","date_gmt":"2024-05-16T00:51:22","guid":{"rendered":"https:\/\/tulibreando.com\/?post_type=product&#038;p=2272"},"modified":"2024-06-06T15:17:32","modified_gmt":"2024-06-06T19:17:32","slug":"la-vida-invisible","status":"publish","type":"product","link":"https:\/\/tulibreando.com\/index.php\/product\/la-vida-invisible\/","title":{"rendered":"La vida invisible"},"content":{"rendered":"<p>Una historia que nunca olvidar\u00e1s.Tras hacer un pacto con el diablo, Addie entrega su alma a cambio de la inmortalidad. Sin embargo, ning\u00fan trato faustiano est\u00e1 exento de consecuencias: el diablo le entregar\u00e1 la inmortalidad que tanto desea, pero le quitar\u00e1 algo que ella anhelar\u00e1 durante toda su existencia: la posibilidad de ser recordada.Addie abandona su peque\u00f1o pueblo natal en la Francia del siglo xviii y comienza un viaje que la lleva por todo el mundo, mientras aprende a vivir una vida en la que nadie la recuerda y todo lo que posee acaba perdido o roto. Durante trescientos a\u00f1os, Addie LaRue no ser\u00e1 m\u00e1s que la musa de numerosos artistas a lo largo de la historia, y tendr\u00e1 que aprender a enamorarse de nuevo cada d\u00eda, y a ser olvidada a la ma\u00f1ana siguiente.<\/p>\n","protected":false},"excerpt":{"rendered":"<p>Una historia que nunca olvidar\u00e1s.Tras hacer un pacto con el diablo, Addie entrega su alma a cambio de la inmortalidad. Sin embargo, ning\u00fan trato faustiano est\u00e1 exento de consecuencias: el diablo le entregar\u00e1 la inmortalidad que tanto desea, pero le quitar\u00e1 algo que ella anhelar\u00e1 durante toda su existencia: la posibilidad de ser recordada.Addie abandona [&hellip;]<\/p>\n","protected":false},"featured_media":2156,"comment_status":"open","ping_status":"closed","template":"","meta":{"_acf_changed":false,"product_autor":""},"product_cat":[45],"product_tag":[],"class_list":{"0":"post-2272","1":"product","2":"type-product","3":"status-publish","4":"has-post-thumbnail","6":"product_cat-literatura-y-novelas","8":"first","9":"instock","10":"virtual","11":"purchasable","12":"product-type-simple"},"acf":[],"_links":{"self":[{"href":"https:\/\/tulibreando.com\/index.php\/wp-json\/wp\/v2\/product\/2272"}],"collection":[{"href":"https:\/\/tulibreando.com\/index.php\/wp-json\/wp\/v2\/product"}],"about":[{"href":"https:\/\/tulibreando.com\/index.php\/wp-json\/wp\/v2\/types\/product"}],"replies":[{"embeddable":true,"href":"https:\/\/tulibreando.com\/index.php\/wp-json\/wp\/v2\/comments?post=2272"}],"wp:featuredmedia":[{"embeddable":true,"href":"https:\/\/tulibreando.com\/index.php\/wp-json\/wp\/v2\/media\/2156"}],"wp:attachment":[{"href":"https:\/\/tulibreando.com\/index.php\/wp-json\/wp\/v2\/media?parent=2272"}],"wp:term":[{"taxonomy":"product_cat","embeddable":true,"href":"https:\/\/tulibreando.com\/index.php\/wp-json\/wp\/v2\/product_cat?post=2272"},{"taxonomy":"product_tag","embeddable":true,"href":"https:\/\/tulibreando.com\/index.php\/wp-json\/wp\/v2\/product_tag?post=2272"}],"curies":[{"name":"wp","href":"https:\/\/api.w.org\/{rel}","templated":true}]}}