{"id":2270,"date":"2024-05-15T20:51:22","date_gmt":"2024-05-16T00:51:22","guid":{"rendered":"https:\/\/tulibreando.com\/?post_type=product&#038;p=2270"},"modified":"2024-06-06T15:17:32","modified_gmt":"2024-06-06T19:17:32","slug":"roma-soy-yo","status":"publish","type":"product","link":"https:\/\/tulibreando.com\/index.php\/product\/roma-soy-yo\/","title":{"rendered":"Roma soy yo"},"content":{"rendered":"<p>Roma, a\u00f1o 77 a.C. El cruel senador Dolabela va a ser juzgado por corrupci\u00f3n, pero ha contratado a los mejores abogados, ha comprado al jurado y, adem\u00e1s, es conocido por usar la violencia contra todos los que se enfrentan a \u00e9l. Nadie se atreve a ser el fiscal, hasta que de pronto, contra todo pron\u00f3stico, un joven patricio de tan solo veintitr\u00e9s a\u00f1os acepta llevar la acusaci\u00f3n, defender al pueblo de Roma y desafiar el poder de las \u00e9lites. El nombre del desconocido abogado es Cayo Julio C\u00e9sar.<\/p>\n","protected":false},"excerpt":{"rendered":"<p>Roma, a\u00f1o 77 a.C. El cruel senador Dolabela va a ser juzgado por corrupci\u00f3n, pero ha contratado a los mejores abogados, ha comprado al jurado y, adem\u00e1s, es conocido por usar la violencia contra todos los que se enfrentan a \u00e9l. Nadie se atreve a ser el fiscal, hasta que de pronto, contra todo pron\u00f3stico, [&hellip;]<\/p>\n","protected":false},"featured_media":2158,"comment_status":"open","ping_status":"closed","template":"","meta":{"_acf_changed":false,"product_autor":""},"product_cat":[49],"product_tag":[],"class_list":{"0":"post-2270","1":"product","2":"type-product","3":"status-publish","4":"has-post-thumbnail","6":"product_cat-historia-y-bibliografias","8":"first","9":"instock","10":"virtual","11":"purchasable","12":"product-type-simple"},"acf":[],"_links":{"self":[{"href":"https:\/\/tulibreando.com\/index.php\/wp-json\/wp\/v2\/product\/2270"}],"collection":[{"href":"https:\/\/tulibreando.com\/index.php\/wp-json\/wp\/v2\/product"}],"about":[{"href":"https:\/\/tulibreando.com\/index.php\/wp-json\/wp\/v2\/types\/product"}],"replies":[{"embeddable":true,"href":"https:\/\/tulibreando.com\/index.php\/wp-json\/wp\/v2\/comments?post=2270"}],"wp:featuredmedia":[{"embeddable":true,"href":"https:\/\/tulibreando.com\/index.php\/wp-json\/wp\/v2\/media\/2158"}],"wp:attachment":[{"href":"https:\/\/tulibreando.com\/index.php\/wp-json\/wp\/v2\/media?parent=2270"}],"wp:term":[{"taxonomy":"product_cat","embeddable":true,"href":"https:\/\/tulibreando.com\/index.php\/wp-json\/wp\/v2\/product_cat?post=2270"},{"taxonomy":"product_tag","embeddable":true,"href":"https:\/\/tulibreando.com\/index.php\/wp-json\/wp\/v2\/product_tag?post=2270"}],"curies":[{"name":"wp","href":"https:\/\/api.w.org\/{rel}","templated":true}]}}