{"id":2263,"date":"2024-05-15T20:51:21","date_gmt":"2024-05-16T00:51:21","guid":{"rendered":"https:\/\/tulibreando.com\/?post_type=product&#038;p=2263"},"modified":"2024-06-06T15:17:31","modified_gmt":"2024-06-06T19:17:31","slug":"la-psicologia-del-dinero","status":"publish","type":"product","link":"https:\/\/tulibreando.com\/index.php\/product\/la-psicologia-del-dinero\/","title":{"rendered":"La psicologia del dinero"},"content":{"rendered":"<p>En cuestiones de dinero, lo que importa no es lo listo que seas sino c\u00f3mo te comportas. Tendemos a pensar en la inversi\u00f3n o la gesti\u00f3n de las finanzas personales como una disciplina matem\u00e1tica, en la que los datos y las f\u00f3rmulas nos dicen exactamente qu\u00e9 hacer. Sin embargo, el rasgo que define a las personas que logran enriquecerse no es su destreza con los n\u00fameros, ni su salario o su talento, sino su historia personal, sus motivaciones y su visi\u00f3n \u00fanica del mundo.<\/p>\n","protected":false},"excerpt":{"rendered":"<p>En cuestiones de dinero, lo que importa no es lo listo que seas sino c\u00f3mo te comportas. Tendemos a pensar en la inversi\u00f3n o la gesti\u00f3n de las finanzas personales como una disciplina matem\u00e1tica, en la que los datos y las f\u00f3rmulas nos dicen exactamente qu\u00e9 hacer. Sin embargo, el rasgo que define a las [&hellip;]<\/p>\n","protected":false},"featured_media":2166,"comment_status":"open","ping_status":"closed","template":"","meta":{"_acf_changed":false,"product_autor":""},"product_cat":[36,37],"product_tag":[],"class_list":{"0":"post-2263","1":"product","2":"type-product","3":"status-publish","4":"has-post-thumbnail","6":"product_cat-libros","7":"product_cat-negocios","9":"first","10":"instock","11":"virtual","12":"purchasable","13":"product-type-simple"},"acf":[],"_links":{"self":[{"href":"https:\/\/tulibreando.com\/index.php\/wp-json\/wp\/v2\/product\/2263"}],"collection":[{"href":"https:\/\/tulibreando.com\/index.php\/wp-json\/wp\/v2\/product"}],"about":[{"href":"https:\/\/tulibreando.com\/index.php\/wp-json\/wp\/v2\/types\/product"}],"replies":[{"embeddable":true,"href":"https:\/\/tulibreando.com\/index.php\/wp-json\/wp\/v2\/comments?post=2263"}],"wp:featuredmedia":[{"embeddable":true,"href":"https:\/\/tulibreando.com\/index.php\/wp-json\/wp\/v2\/media\/2166"}],"wp:attachment":[{"href":"https:\/\/tulibreando.com\/index.php\/wp-json\/wp\/v2\/media?parent=2263"}],"wp:term":[{"taxonomy":"product_cat","embeddable":true,"href":"https:\/\/tulibreando.com\/index.php\/wp-json\/wp\/v2\/product_cat?post=2263"},{"taxonomy":"product_tag","embeddable":true,"href":"https:\/\/tulibreando.com\/index.php\/wp-json\/wp\/v2\/product_tag?post=2263"}],"curies":[{"name":"wp","href":"https:\/\/api.w.org\/{rel}","templated":true}]}}