{"id":2226,"date":"2024-05-15T20:51:16","date_gmt":"2024-05-16T00:51:16","guid":{"rendered":"https:\/\/tulibreando.com\/?post_type=product&#038;p=2226"},"modified":"2024-06-06T15:17:23","modified_gmt":"2024-06-06T19:17:23","slug":"al-final-mueren-los-dos-2","status":"publish","type":"product","link":"https:\/\/tulibreando.com\/index.php\/product\/al-final-mueren-los-dos-2\/","title":{"rendered":"Al final mueren los dos"},"content":{"rendered":"<p>Imagina un mundo en el que una organizaci\u00f3n\u00e1avisa a las personas de la inminencia de su muerte.\u00e1Imagina que ha empezado la cuenta atr\u00e1s.\u00e1Imagina c\u00f3mo vivir\u00edas tu vida. en solo un d\u00eda.<\/p>\n","protected":false},"excerpt":{"rendered":"<p>Imagina un mundo en el que una organizaci\u00f3n\u00e1avisa a las personas de la inminencia de su muerte.\u00e1Imagina que ha empezado la cuenta atr\u00e1s.\u00e1Imagina c\u00f3mo vivir\u00edas tu vida. en solo un d\u00eda.<\/p>\n","protected":false},"featured_media":2204,"comment_status":"open","ping_status":"closed","template":"","meta":{"_acf_changed":false,"product_autor":""},"product_cat":[45],"product_tag":[],"class_list":{"0":"post-2226","1":"product","2":"type-product","3":"status-publish","4":"has-post-thumbnail","6":"product_cat-literatura-y-novelas","8":"first","9":"instock","10":"virtual","11":"purchasable","12":"product-type-simple"},"acf":[],"_links":{"self":[{"href":"https:\/\/tulibreando.com\/index.php\/wp-json\/wp\/v2\/product\/2226"}],"collection":[{"href":"https:\/\/tulibreando.com\/index.php\/wp-json\/wp\/v2\/product"}],"about":[{"href":"https:\/\/tulibreando.com\/index.php\/wp-json\/wp\/v2\/types\/product"}],"replies":[{"embeddable":true,"href":"https:\/\/tulibreando.com\/index.php\/wp-json\/wp\/v2\/comments?post=2226"}],"wp:featuredmedia":[{"embeddable":true,"href":"https:\/\/tulibreando.com\/index.php\/wp-json\/wp\/v2\/media\/2204"}],"wp:attachment":[{"href":"https:\/\/tulibreando.com\/index.php\/wp-json\/wp\/v2\/media?parent=2226"}],"wp:term":[{"taxonomy":"product_cat","embeddable":true,"href":"https:\/\/tulibreando.com\/index.php\/wp-json\/wp\/v2\/product_cat?post=2226"},{"taxonomy":"product_tag","embeddable":true,"href":"https:\/\/tulibreando.com\/index.php\/wp-json\/wp\/v2\/product_tag?post=2226"}],"curies":[{"name":"wp","href":"https:\/\/api.w.org\/{rel}","templated":true}]}}