{"id":1978,"date":"2024-04-27T10:32:37","date_gmt":"2024-04-27T14:32:37","guid":{"rendered":"https:\/\/tulibreando.com\/?post_type=product&#038;p=1978"},"modified":"2024-06-06T15:17:20","modified_gmt":"2024-06-06T19:17:20","slug":"cuando-no-quedan-mas-estrellas-que-contar","status":"publish","type":"product","link":"https:\/\/tulibreando.com\/index.php\/product\/cuando-no-quedan-mas-estrellas-que-contar\/","title":{"rendered":"Cuando no quedan mas estrellas que contar"},"content":{"rendered":"<p>Cuando no queden m\u00e1s estrellas que contar\u0094, obra de Mar\u00eda Mart\u00ednez, nos sumerge en la vida de Maya, una joven bailarina apasionada que ha entregado todo de s\u00ed al arte del ballet. Desde temprana edad, Maya ha vivido bajo las demandas de un sue\u00f1o prometedor, pero un accidente desgarrador e inesperado cambia su destino y desmorona su mundo, rob\u00e1ndole la oportunidad de brillar en el escenario.<\/p>\n","protected":false},"excerpt":{"rendered":"<p>Cuando no queden m\u00e1s estrellas que contar\u0094, obra de Mar\u00eda Mart\u00ednez, nos sumerge en la vida de Maya, una joven bailarina apasionada que ha entregado todo de s\u00ed al arte del ballet. Desde temprana edad, Maya ha vivido bajo las demandas de un sue\u00f1o prometedor, pero un accidente desgarrador e inesperado cambia su destino y [&hellip;]<\/p>\n","protected":false},"featured_media":1952,"comment_status":"open","ping_status":"closed","template":"","meta":{"_acf_changed":false,"product_autor":""},"product_cat":[45],"product_tag":[],"class_list":{"0":"post-1978","1":"product","2":"type-product","3":"status-publish","4":"has-post-thumbnail","6":"product_cat-literatura-y-novelas","8":"first","9":"instock","10":"virtual","11":"purchasable","12":"product-type-simple"},"acf":[],"_links":{"self":[{"href":"https:\/\/tulibreando.com\/index.php\/wp-json\/wp\/v2\/product\/1978"}],"collection":[{"href":"https:\/\/tulibreando.com\/index.php\/wp-json\/wp\/v2\/product"}],"about":[{"href":"https:\/\/tulibreando.com\/index.php\/wp-json\/wp\/v2\/types\/product"}],"replies":[{"embeddable":true,"href":"https:\/\/tulibreando.com\/index.php\/wp-json\/wp\/v2\/comments?post=1978"}],"wp:featuredmedia":[{"embeddable":true,"href":"https:\/\/tulibreando.com\/index.php\/wp-json\/wp\/v2\/media\/1952"}],"wp:attachment":[{"href":"https:\/\/tulibreando.com\/index.php\/wp-json\/wp\/v2\/media?parent=1978"}],"wp:term":[{"taxonomy":"product_cat","embeddable":true,"href":"https:\/\/tulibreando.com\/index.php\/wp-json\/wp\/v2\/product_cat?post=1978"},{"taxonomy":"product_tag","embeddable":true,"href":"https:\/\/tulibreando.com\/index.php\/wp-json\/wp\/v2\/product_tag?post=1978"}],"curies":[{"name":"wp","href":"https:\/\/api.w.org\/{rel}","templated":true}]}}