{"id":1968,"date":"2024-04-27T10:32:37","date_gmt":"2024-04-27T14:32:37","guid":{"rendered":"https:\/\/tulibreando.com\/?post_type=product&#038;p=1968"},"modified":"2024-06-06T15:17:19","modified_gmt":"2024-06-06T19:17:19","slug":"alas-de-hierro","status":"publish","type":"product","link":"https:\/\/tulibreando.com\/index.php\/product\/alas-de-hierro\/","title":{"rendered":"Alas de hierro"},"content":{"rendered":"<p>Alas de Hierro\u0094 de Rebecca Yarros es el segundo volumen de la serie Emp\u00edreo, una saga que sumerge al lector en un mundo de fantas\u00eda y aventuras. La historia sigue a Violet Sorrengail, quien, contra todo pron\u00f3stico, ha sobrevivido a su primer a\u00f1o en el Colegio de Guerra Basgiath. Este lugar, conocido por su rigor y desaf\u00edos extremos, fue apenas el escenario de la primera prueba de Violet, conocida como la Trilla, que pretend\u00eda eliminar a los d\u00e9biles de voluntad, los indignos y los desafortunados. Ahora, Violet se enfrenta a un verdadero entrenamiento, que pone a prueba su fortaleza tanto f\u00edsica como mental. La llegada de un nuevo vicecomandante complica a\u00fan m\u00e1s las cosas. Este personaje parece tener una misi\u00f3n personal: demostrarle a Violet su debilidad y forzarla a traicionar al hombre que ama. Sin embargo, la protagonista no solo demuestra resistencia f\u00edsica sino tambi\u00e9n una notable astucia y una voluntad inquebrantable. En este fascinante mundo, Yarros explora la din\u00e1mica de los jinetes de drag\u00f3n y las reglas \u00fanicas que rigen su existencia. Violet, armada con su ingenio y determinaci\u00f3n, descubre un secreto que amenaza con cambiar todo lo que sabe. Este secreto podr\u00eda ser la clave de su supervivencia o su perdici\u00f3n, en un entorno donde ni siquiera el fuego del drag\u00f3n garantiza la seguridad.<\/p>\n","protected":false},"excerpt":{"rendered":"<p>Alas de Hierro\u0094 de Rebecca Yarros es el segundo volumen de la serie Emp\u00edreo, una saga que sumerge al lector en un mundo de fantas\u00eda y aventuras. La historia sigue a Violet Sorrengail, quien, contra todo pron\u00f3stico, ha sobrevivido a su primer a\u00f1o en el Colegio de Guerra Basgiath. Este lugar, conocido por su rigor [&hellip;]<\/p>\n","protected":false},"featured_media":1962,"comment_status":"open","ping_status":"closed","template":"","meta":{"_acf_changed":false,"product_autor":""},"product_cat":[45],"product_tag":[],"class_list":{"0":"post-1968","1":"product","2":"type-product","3":"status-publish","4":"has-post-thumbnail","6":"product_cat-literatura-y-novelas","8":"first","9":"instock","10":"virtual","11":"purchasable","12":"product-type-simple"},"acf":[],"_links":{"self":[{"href":"https:\/\/tulibreando.com\/index.php\/wp-json\/wp\/v2\/product\/1968"}],"collection":[{"href":"https:\/\/tulibreando.com\/index.php\/wp-json\/wp\/v2\/product"}],"about":[{"href":"https:\/\/tulibreando.com\/index.php\/wp-json\/wp\/v2\/types\/product"}],"replies":[{"embeddable":true,"href":"https:\/\/tulibreando.com\/index.php\/wp-json\/wp\/v2\/comments?post=1968"}],"wp:featuredmedia":[{"embeddable":true,"href":"https:\/\/tulibreando.com\/index.php\/wp-json\/wp\/v2\/media\/1962"}],"wp:attachment":[{"href":"https:\/\/tulibreando.com\/index.php\/wp-json\/wp\/v2\/media?parent=1968"}],"wp:term":[{"taxonomy":"product_cat","embeddable":true,"href":"https:\/\/tulibreando.com\/index.php\/wp-json\/wp\/v2\/product_cat?post=1968"},{"taxonomy":"product_tag","embeddable":true,"href":"https:\/\/tulibreando.com\/index.php\/wp-json\/wp\/v2\/product_tag?post=1968"}],"curies":[{"name":"wp","href":"https:\/\/api.w.org\/{rel}","templated":true}]}}