{"id":1967,"date":"2024-04-27T10:32:37","date_gmt":"2024-04-27T14:32:37","guid":{"rendered":"https:\/\/tulibreando.com\/?post_type=product&#038;p=1967"},"modified":"2024-06-06T15:17:19","modified_gmt":"2024-06-06T19:17:19","slug":"ciudades-de-fuego-trilogia-de-fuego","status":"publish","type":"product","link":"https:\/\/tulibreando.com\/index.php\/product\/ciudades-de-fuego-trilogia-de-fuego\/","title":{"rendered":"Ciudades de fuego trilogia de fuego"},"content":{"rendered":"<p>Ciudades de fuego es el desenlace de la aclamada trilog\u00eda dist\u00f3pica escrita por Joana Marc\u00fas, que comenz\u00f3 con Ciudades de Humo y sigui\u00f3 con Ciudades de Ceniza. La autora, un fen\u00f3meno emergente en Wattpad, nos transporta a un mundo post-apocal\u00edptico cubierto de humo como consecuencia de una guerra, donde la distinci\u00f3n entre humanos y androides es tensa y conflictiva. La historia se centra en Alice, un androide con secretos ocultos, que, tras superar innumerables desaf\u00edos y giros inesperados en los primeros dos libros, finalmente se reencuentra con sus amigos en este \u00faltimo tomo. A pesar de este reencuentro, el peligro est\u00e1 m\u00e1s presente que nunca. En un entorno en constante riesgo de desmoronamiento, Alice es plenamente consciente de que cada elecci\u00f3n que haga ser\u00e1 decisiva para el destino de todos.<\/p>\n","protected":false},"excerpt":{"rendered":"<p>Ciudades de fuego es el desenlace de la aclamada trilog\u00eda dist\u00f3pica escrita por Joana Marc\u00fas, que comenz\u00f3 con Ciudades de Humo y sigui\u00f3 con Ciudades de Ceniza. La autora, un fen\u00f3meno emergente en Wattpad, nos transporta a un mundo post-apocal\u00edptico cubierto de humo como consecuencia de una guerra, donde la distinci\u00f3n entre humanos y androides [&hellip;]<\/p>\n","protected":false},"featured_media":1963,"comment_status":"open","ping_status":"closed","template":"","meta":{"_acf_changed":false,"product_autor":""},"product_cat":[45],"product_tag":[],"class_list":{"0":"post-1967","1":"product","2":"type-product","3":"status-publish","4":"has-post-thumbnail","6":"product_cat-literatura-y-novelas","8":"first","9":"instock","10":"virtual","11":"purchasable","12":"product-type-simple"},"acf":[],"_links":{"self":[{"href":"https:\/\/tulibreando.com\/index.php\/wp-json\/wp\/v2\/product\/1967"}],"collection":[{"href":"https:\/\/tulibreando.com\/index.php\/wp-json\/wp\/v2\/product"}],"about":[{"href":"https:\/\/tulibreando.com\/index.php\/wp-json\/wp\/v2\/types\/product"}],"replies":[{"embeddable":true,"href":"https:\/\/tulibreando.com\/index.php\/wp-json\/wp\/v2\/comments?post=1967"}],"wp:featuredmedia":[{"embeddable":true,"href":"https:\/\/tulibreando.com\/index.php\/wp-json\/wp\/v2\/media\/1963"}],"wp:attachment":[{"href":"https:\/\/tulibreando.com\/index.php\/wp-json\/wp\/v2\/media?parent=1967"}],"wp:term":[{"taxonomy":"product_cat","embeddable":true,"href":"https:\/\/tulibreando.com\/index.php\/wp-json\/wp\/v2\/product_cat?post=1967"},{"taxonomy":"product_tag","embeddable":true,"href":"https:\/\/tulibreando.com\/index.php\/wp-json\/wp\/v2\/product_tag?post=1967"}],"curies":[{"name":"wp","href":"https:\/\/api.w.org\/{rel}","templated":true}]}}