{"id":1818,"date":"2024-04-17T11:11:01","date_gmt":"2024-04-17T15:11:01","guid":{"rendered":"https:\/\/tulibreando.com\/?post_type=product&#038;p=1818"},"modified":"2024-06-06T15:17:11","modified_gmt":"2024-06-06T19:17:11","slug":"miniaturas-salvajes","status":"publish","type":"product","link":"https:\/\/tulibreando.com\/index.php\/product\/miniaturas-salvajes\/","title":{"rendered":"Miniaturas salvajes"},"content":{"rendered":"<p>Miniaturas Salvajes es una colecci\u00f3n de cuentos escrita por Salvador Flej\u00e1n. Cada uno de los relatos es un safari al coraz\u00f3n de las tinieblas de los lugares comunes de los protagonistas, quienes son trasuntos del t\u00edpico caraque\u00f1o de clase media. A menudo, estos personajes se encuentran en circunstancias perentorias que los toman desprevenidos, aunque las tragedias siempre fueron predecibles. El empaque de estas an\u00e9cdotas es el humor, y el \u00e1gil estilo de Flej\u00e1n est\u00e1 saturado de referencias al deporte, la pol\u00edtica, el cine, la m\u00fasica pop y el r\u00e1pido movimiento de \u0093zapping\u0094.<\/p>\n","protected":false},"excerpt":{"rendered":"<p>Miniaturas Salvajes es una colecci\u00f3n de cuentos escrita por Salvador Flej\u00e1n. Cada uno de los relatos es un safari al coraz\u00f3n de las tinieblas de los lugares comunes de los protagonistas, quienes son trasuntos del t\u00edpico caraque\u00f1o de clase media. A menudo, estos personajes se encuentran en circunstancias perentorias que los toman desprevenidos, aunque las [&hellip;]<\/p>\n","protected":false},"featured_media":1771,"comment_status":"open","ping_status":"closed","template":"","meta":{"_acf_changed":false,"product_autor":""},"product_cat":[45],"product_tag":[],"class_list":{"0":"post-1818","1":"product","2":"type-product","3":"status-publish","4":"has-post-thumbnail","6":"product_cat-literatura-y-novelas","8":"first","9":"instock","10":"virtual","11":"purchasable","12":"product-type-simple"},"acf":[],"_links":{"self":[{"href":"https:\/\/tulibreando.com\/index.php\/wp-json\/wp\/v2\/product\/1818"}],"collection":[{"href":"https:\/\/tulibreando.com\/index.php\/wp-json\/wp\/v2\/product"}],"about":[{"href":"https:\/\/tulibreando.com\/index.php\/wp-json\/wp\/v2\/types\/product"}],"replies":[{"embeddable":true,"href":"https:\/\/tulibreando.com\/index.php\/wp-json\/wp\/v2\/comments?post=1818"}],"wp:featuredmedia":[{"embeddable":true,"href":"https:\/\/tulibreando.com\/index.php\/wp-json\/wp\/v2\/media\/1771"}],"wp:attachment":[{"href":"https:\/\/tulibreando.com\/index.php\/wp-json\/wp\/v2\/media?parent=1818"}],"wp:term":[{"taxonomy":"product_cat","embeddable":true,"href":"https:\/\/tulibreando.com\/index.php\/wp-json\/wp\/v2\/product_cat?post=1818"},{"taxonomy":"product_tag","embeddable":true,"href":"https:\/\/tulibreando.com\/index.php\/wp-json\/wp\/v2\/product_tag?post=1818"}],"curies":[{"name":"wp","href":"https:\/\/api.w.org\/{rel}","templated":true}]}}