{"id":1817,"date":"2024-04-17T11:11:01","date_gmt":"2024-04-17T15:11:01","guid":{"rendered":"https:\/\/tulibreando.com\/?post_type=product&#038;p=1817"},"modified":"2024-06-06T15:17:11","modified_gmt":"2024-06-06T19:17:11","slug":"los-juristas-del-horror","status":"publish","type":"product","link":"https:\/\/tulibreando.com\/index.php\/product\/los-juristas-del-horror\/","title":{"rendered":"Los juristas del horror"},"content":{"rendered":"<p>Los Juristas del Horror es un libro que arroja luz sobre la inquietante colaboraci\u00f3n de los juristas alemanes con el r\u00e9gimen nazi durante la Segunda Guerra Mundial. Escrito por el destacado jurista alem\u00e1n Ingo M\u00fcller, el libro examina c\u00f3mo la justicia dej\u00f3 de ser independiente y se convirti\u00f3 en una herramienta pol\u00edtica al servicio de los amos del poder.<\/p>\n","protected":false},"excerpt":{"rendered":"<p>Los Juristas del Horror es un libro que arroja luz sobre la inquietante colaboraci\u00f3n de los juristas alemanes con el r\u00e9gimen nazi durante la Segunda Guerra Mundial. Escrito por el destacado jurista alem\u00e1n Ingo M\u00fcller, el libro examina c\u00f3mo la justicia dej\u00f3 de ser independiente y se convirti\u00f3 en una herramienta pol\u00edtica al servicio de [&hellip;]<\/p>\n","protected":false},"featured_media":1769,"comment_status":"open","ping_status":"closed","template":"","meta":{"_acf_changed":false,"product_autor":""},"product_cat":[47],"product_tag":[],"class_list":{"0":"post-1817","1":"product","2":"type-product","3":"status-publish","4":"has-post-thumbnail","6":"product_cat-historia-y-bibligrafias","8":"first","9":"instock","10":"virtual","11":"purchasable","12":"product-type-simple"},"acf":[],"_links":{"self":[{"href":"https:\/\/tulibreando.com\/index.php\/wp-json\/wp\/v2\/product\/1817"}],"collection":[{"href":"https:\/\/tulibreando.com\/index.php\/wp-json\/wp\/v2\/product"}],"about":[{"href":"https:\/\/tulibreando.com\/index.php\/wp-json\/wp\/v2\/types\/product"}],"replies":[{"embeddable":true,"href":"https:\/\/tulibreando.com\/index.php\/wp-json\/wp\/v2\/comments?post=1817"}],"wp:featuredmedia":[{"embeddable":true,"href":"https:\/\/tulibreando.com\/index.php\/wp-json\/wp\/v2\/media\/1769"}],"wp:attachment":[{"href":"https:\/\/tulibreando.com\/index.php\/wp-json\/wp\/v2\/media?parent=1817"}],"wp:term":[{"taxonomy":"product_cat","embeddable":true,"href":"https:\/\/tulibreando.com\/index.php\/wp-json\/wp\/v2\/product_cat?post=1817"},{"taxonomy":"product_tag","embeddable":true,"href":"https:\/\/tulibreando.com\/index.php\/wp-json\/wp\/v2\/product_tag?post=1817"}],"curies":[{"name":"wp","href":"https:\/\/api.w.org\/{rel}","templated":true}]}}