{"id":1813,"date":"2024-04-16T22:43:29","date_gmt":"2024-04-17T02:43:29","guid":{"rendered":"https:\/\/tulibreando.com\/?post_type=product&#038;p=1813"},"modified":"2024-06-06T15:17:10","modified_gmt":"2024-06-06T19:17:10","slug":"la-saga-de-los-malory-iii-amable-y-tirano","status":"publish","type":"product","link":"https:\/\/tulibreando.com\/index.php\/product\/la-saga-de-los-malory-iii-amable-y-tirano\/","title":{"rendered":"La saga de los Malory III Amable y tirano"},"content":{"rendered":"<p>La tercera entrega de la c\u00e9lebre \u0093Saga de los Malory\u0094 lleva por t\u00edtulo \u0093Amable y tirano\u0094. La historia sigue a Georgina Anderson, cuyo coraz\u00f3n est\u00e1 destrozado y anhela regresar a su hogar en Am\u00e9rica. Desesperada, aborda un barco norteamericano disfrazada de camarero para servir al capit\u00e1n James Malory, un atractivo expirata y oveja negra de una orgullosa familia.<\/p>\n","protected":false},"excerpt":{"rendered":"<p>La tercera entrega de la c\u00e9lebre \u0093Saga de los Malory\u0094 lleva por t\u00edtulo \u0093Amable y tirano\u0094. La historia sigue a Georgina Anderson, cuyo coraz\u00f3n est\u00e1 destrozado y anhela regresar a su hogar en Am\u00e9rica. Desesperada, aborda un barco norteamericano disfrazada de camarero para servir al capit\u00e1n James Malory, un atractivo expirata y oveja negra de [&hellip;]<\/p>\n","protected":false},"featured_media":1767,"comment_status":"open","ping_status":"closed","template":"","meta":{"_acf_changed":false,"product_autor":""},"product_cat":[45],"product_tag":[],"class_list":{"0":"post-1813","1":"product","2":"type-product","3":"status-publish","4":"has-post-thumbnail","6":"product_cat-literatura-y-novelas","8":"first","9":"instock","10":"virtual","11":"purchasable","12":"product-type-simple"},"acf":[],"_links":{"self":[{"href":"https:\/\/tulibreando.com\/index.php\/wp-json\/wp\/v2\/product\/1813"}],"collection":[{"href":"https:\/\/tulibreando.com\/index.php\/wp-json\/wp\/v2\/product"}],"about":[{"href":"https:\/\/tulibreando.com\/index.php\/wp-json\/wp\/v2\/types\/product"}],"replies":[{"embeddable":true,"href":"https:\/\/tulibreando.com\/index.php\/wp-json\/wp\/v2\/comments?post=1813"}],"wp:featuredmedia":[{"embeddable":true,"href":"https:\/\/tulibreando.com\/index.php\/wp-json\/wp\/v2\/media\/1767"}],"wp:attachment":[{"href":"https:\/\/tulibreando.com\/index.php\/wp-json\/wp\/v2\/media?parent=1813"}],"wp:term":[{"taxonomy":"product_cat","embeddable":true,"href":"https:\/\/tulibreando.com\/index.php\/wp-json\/wp\/v2\/product_cat?post=1813"},{"taxonomy":"product_tag","embeddable":true,"href":"https:\/\/tulibreando.com\/index.php\/wp-json\/wp\/v2\/product_tag?post=1813"}],"curies":[{"name":"wp","href":"https:\/\/api.w.org\/{rel}","templated":true}]}}