{"id":1492,"date":"2024-04-11T14:51:49","date_gmt":"2024-04-11T18:51:49","guid":{"rendered":"https:\/\/tulibreando.com\/?post_type=product&#038;p=1492"},"modified":"2024-06-10T12:39:58","modified_gmt":"2024-06-10T16:39:58","slug":"el-psicoanalista","status":"publish","type":"product","link":"https:\/\/tulibreando.com\/index.php\/product\/el-psicoanalista\/","title":{"rendered":"El Psicoanalista"},"content":{"rendered":"<div class=\"R3Gmyc\">\n<div data-panel-container-id=\"sidePanel2\">\n<div class=\"WUFI9b\" data-panel-id=\"2\">\n<div class=\"hWX4r\">\n<div class=\"Ge9Kpc z38b6\" aria-live=\"polite\">\n<div class=\"Ss4fHf\" tabindex=\"-1\">\n<div class=\"beTDc\">\n<div class=\"er6Kjc\">\n<div class=\"ptNLrf\">\n<div>\n<div data-is-tv=\"false\">El d\u00eda de su 53 cumplea\u00f1os, el doctor Starks, un psicoanalista con una larga carrera a sus espaldas, recibe un misterioso e inquietante mensaje an\u00f3nimo. Starks tendr\u00e1 que emplear toda su astucia para, en quince d\u00edas, averiguar qui\u00e9n es el autor de la misma.<\/div>\n<\/div>\n<\/div>\n<\/div>\n<\/div>\n<\/div>\n<\/div>\n<div class=\"SjMC3\">\n<div class=\"aG9SAe\">\n<div class=\"rxb0oe E2obDf\" data-progressvalue=\"0\" data-buffervalue=\"1\" aria-hidden=\"true\">\n<div class=\"VfPpkd-qNpTzb-P1ekSe VfPpkd-qNpTzb-P1ekSe-OWXEXe-A9y3zc VfPpkd-qNpTzb-P1ekSe-OWXEXe-xTMeO VfPpkd-qNpTzb-P1ekSe-OWXEXe-xTMeO-OiiCO-Xhs9z VfPpkd-qNpTzb-P1ekSe-OWXEXe-OiiCO-IhfUye\" role=\"progressbar\" aria-label=\"Verificando qui\u00e9n puede acceder al archivo\" aria-hidden=\"true\">\n<div class=\"VfPpkd-qNpTzb-ajuXxc\">\n<div class=\"VfPpkd-qNpTzb-ajuXxc-RxYbNe\"><\/div>\n<\/div>\n<\/div>\n<\/div>\n<\/div>\n<\/div>\n<\/div>\n<\/div>\n<\/div>\n<\/div>\n<div class=\"fJsklc nulMpf Didmac G03iKb\" data-priority=\"1100\" data-side=\"3\">\n<div data-popout-renderers=\"BWBr2d,iZw4de,RYaHTb,tAKxcc,ZKXkZb,rzmEIb\">\n<div class=\"UnvNgf Sdwpn P9KVBf mP3Ih\" data-is-auto-rejoin=\"false\">\n<div class=\"lefKC\">\n<div class=\"g2yd9 \" role=\"separator\"><\/div>\n<div class=\"gSlHI\" data-meeting-title=\"usq-szhu-mmt\">\n<div class=\"Cpvy4b V7iHrd\">\n<div class=\"Qp8KI\">\n<div class=\"uBRSj\"><\/div>\n<\/div>\n<\/div>\n<\/div>\n<\/div>\n<\/div>\n<\/div>\n<\/div>\n","protected":false},"excerpt":{"rendered":"<p>El d\u00eda de su 53 cumplea\u00f1os, el doctor Starks, un psicoanalista con una larga carrera a sus espaldas, recibe un misterioso e inquietante mensaje an\u00f3nimo. Starks tendr\u00e1 que emplear toda su astucia para, en quince d\u00edas, averiguar qui\u00e9n es el autor de la misma.<\/p>\n","protected":false},"featured_media":1493,"comment_status":"open","ping_status":"closed","template":"","meta":{"_acf_changed":false,"product_autor":""},"product_cat":[50,45],"product_tag":[],"class_list":{"0":"post-1492","1":"product","2":"type-product","3":"status-publish","4":"has-post-thumbnail","6":"product_cat-destacados","7":"product_cat-literatura-y-novelas","9":"first","10":"instock","11":"virtual","12":"purchasable","13":"product-type-simple"},"acf":[],"_links":{"self":[{"href":"https:\/\/tulibreando.com\/index.php\/wp-json\/wp\/v2\/product\/1492"}],"collection":[{"href":"https:\/\/tulibreando.com\/index.php\/wp-json\/wp\/v2\/product"}],"about":[{"href":"https:\/\/tulibreando.com\/index.php\/wp-json\/wp\/v2\/types\/product"}],"replies":[{"embeddable":true,"href":"https:\/\/tulibreando.com\/index.php\/wp-json\/wp\/v2\/comments?post=1492"}],"wp:featuredmedia":[{"embeddable":true,"href":"https:\/\/tulibreando.com\/index.php\/wp-json\/wp\/v2\/media\/1493"}],"wp:attachment":[{"href":"https:\/\/tulibreando.com\/index.php\/wp-json\/wp\/v2\/media?parent=1492"}],"wp:term":[{"taxonomy":"product_cat","embeddable":true,"href":"https:\/\/tulibreando.com\/index.php\/wp-json\/wp\/v2\/product_cat?post=1492"},{"taxonomy":"product_tag","embeddable":true,"href":"https:\/\/tulibreando.com\/index.php\/wp-json\/wp\/v2\/product_tag?post=1492"}],"curies":[{"name":"wp","href":"https:\/\/api.w.org\/{rel}","templated":true}]}}