{"id":1269,"date":"2024-02-15T14:46:22","date_gmt":"2024-02-15T18:46:22","guid":{"rendered":"https:\/\/tulibreando.com\/?post_type=product&#038;p=1269"},"modified":"2024-06-06T15:17:00","modified_gmt":"2024-06-06T19:17:00","slug":"steven-jobs","status":"publish","type":"product","link":"https:\/\/tulibreando.com\/index.php\/product\/steven-jobs\/","title":{"rendered":"Steven Jobs"},"content":{"rendered":"<p>Consciente de que la mejor manera de crear valor en el siglo XXI es conectar la creatividad con la tecnolog\u00eda, Jobs fund\u00f3 una empresa en la que impresionantes saltos de la imaginaci\u00f3n van de la mano de asombrosos logros tecnol\u00f3gicos.<\/p>\n","protected":false},"excerpt":{"rendered":"<p>Consciente de que la mejor manera de crear valor en el siglo XXI es conectar la creatividad con la tecnolog\u00eda, Jobs fund\u00f3 una empresa en la que impresionantes saltos de la imaginaci\u00f3n van de la mano de asombrosos logros tecnol\u00f3gicos.<\/p>\n","protected":false},"featured_media":1125,"comment_status":"open","ping_status":"closed","template":"","meta":{"_acf_changed":false,"product_autor":""},"product_cat":[50,47],"product_tag":[],"class_list":{"0":"post-1269","1":"product","2":"type-product","3":"status-publish","4":"has-post-thumbnail","6":"product_cat-destacados","7":"product_cat-historia-y-bibligrafias","9":"first","10":"instock","11":"virtual","12":"purchasable","13":"product-type-simple"},"acf":[],"_links":{"self":[{"href":"https:\/\/tulibreando.com\/index.php\/wp-json\/wp\/v2\/product\/1269"}],"collection":[{"href":"https:\/\/tulibreando.com\/index.php\/wp-json\/wp\/v2\/product"}],"about":[{"href":"https:\/\/tulibreando.com\/index.php\/wp-json\/wp\/v2\/types\/product"}],"replies":[{"embeddable":true,"href":"https:\/\/tulibreando.com\/index.php\/wp-json\/wp\/v2\/comments?post=1269"}],"wp:featuredmedia":[{"embeddable":true,"href":"https:\/\/tulibreando.com\/index.php\/wp-json\/wp\/v2\/media\/1125"}],"wp:attachment":[{"href":"https:\/\/tulibreando.com\/index.php\/wp-json\/wp\/v2\/media?parent=1269"}],"wp:term":[{"taxonomy":"product_cat","embeddable":true,"href":"https:\/\/tulibreando.com\/index.php\/wp-json\/wp\/v2\/product_cat?post=1269"},{"taxonomy":"product_tag","embeddable":true,"href":"https:\/\/tulibreando.com\/index.php\/wp-json\/wp\/v2\/product_tag?post=1269"}],"curies":[{"name":"wp","href":"https:\/\/api.w.org\/{rel}","templated":true}]}}