{"id":1262,"date":"2024-02-15T14:46:21","date_gmt":"2024-02-15T18:46:21","guid":{"rendered":"https:\/\/tulibreando.com\/?post_type=product&#038;p=1262"},"modified":"2024-06-06T15:17:00","modified_gmt":"2024-06-06T19:17:00","slug":"dona-barbara","status":"publish","type":"product","link":"https:\/\/tulibreando.com\/index.php\/product\/dona-barbara\/","title":{"rendered":"Do\u00f1a b\u00e1rbara"},"content":{"rendered":"<p>&#8221; Do\u00f1a B\u00e1rbara&#8221; , en la que la llanura venezolana es el personaje central, es su obra de mayor \u00e9xito. En ella dramatiza el conflicto entre civilizaci\u00f3n y barbarie que a su parecer defin\u00eda el ser de Venezuela y su realidad. El final feliz simboliza un futuro esperanzador para el pa\u00eds.<\/p>\n","protected":false},"excerpt":{"rendered":"<p>&#8221; Do\u00f1a B\u00e1rbara&#8221; , en la que la llanura venezolana es el personaje central, es su obra de mayor \u00e9xito. En ella dramatiza el conflicto entre civilizaci\u00f3n y barbarie que a su parecer defin\u00eda el ser de Venezuela y su realidad. El final feliz simboliza un futuro esperanzador para el pa\u00eds.<\/p>\n","protected":false},"featured_media":1056,"comment_status":"open","ping_status":"closed","template":"","meta":{"_acf_changed":false,"product_autor":""},"product_cat":[45],"product_tag":[],"class_list":{"0":"post-1262","1":"product","2":"type-product","3":"status-publish","4":"has-post-thumbnail","6":"product_cat-literatura-y-novelas","8":"first","9":"instock","10":"virtual","11":"purchasable","12":"product-type-simple"},"acf":[],"_links":{"self":[{"href":"https:\/\/tulibreando.com\/index.php\/wp-json\/wp\/v2\/product\/1262"}],"collection":[{"href":"https:\/\/tulibreando.com\/index.php\/wp-json\/wp\/v2\/product"}],"about":[{"href":"https:\/\/tulibreando.com\/index.php\/wp-json\/wp\/v2\/types\/product"}],"replies":[{"embeddable":true,"href":"https:\/\/tulibreando.com\/index.php\/wp-json\/wp\/v2\/comments?post=1262"}],"wp:featuredmedia":[{"embeddable":true,"href":"https:\/\/tulibreando.com\/index.php\/wp-json\/wp\/v2\/media\/1056"}],"wp:attachment":[{"href":"https:\/\/tulibreando.com\/index.php\/wp-json\/wp\/v2\/media?parent=1262"}],"wp:term":[{"taxonomy":"product_cat","embeddable":true,"href":"https:\/\/tulibreando.com\/index.php\/wp-json\/wp\/v2\/product_cat?post=1262"},{"taxonomy":"product_tag","embeddable":true,"href":"https:\/\/tulibreando.com\/index.php\/wp-json\/wp\/v2\/product_tag?post=1262"}],"curies":[{"name":"wp","href":"https:\/\/api.w.org\/{rel}","templated":true}]}}