{"id":1258,"date":"2024-02-15T14:46:21","date_gmt":"2024-02-15T18:46:21","guid":{"rendered":"https:\/\/tulibreando.com\/?post_type=product&#038;p=1258"},"modified":"2024-06-06T15:16:59","modified_gmt":"2024-06-06T19:16:59","slug":"cien-anos-de-soledad","status":"publish","type":"product","link":"https:\/\/tulibreando.com\/index.php\/product\/cien-anos-de-soledad\/","title":{"rendered":"Cien a\u00f1os de soledad"},"content":{"rendered":"<p>Entre la boda de Jos\u00e9 Arcadio Buend\u00eda con Amelia Iguar\u00e1n hasta la maldici\u00f3n de Aureliano Babilonia transcurre todo un siglo. Cien a\u00f1os de soledad para una estirpe \u00fanica, fant\u00e1stica, capaz de fundar una ciudad tan especial como Macondo y de engendrar ni\u00f1os con cola de cerdo.<\/p>\n","protected":false},"excerpt":{"rendered":"<p>Entre la boda de Jos\u00e9 Arcadio Buend\u00eda con Amelia Iguar\u00e1n hasta la maldici\u00f3n de Aureliano Babilonia transcurre todo un siglo. Cien a\u00f1os de soledad para una estirpe \u00fanica, fant\u00e1stica, capaz de fundar una ciudad tan especial como Macondo y de engendrar ni\u00f1os con cola de cerdo.<\/p>\n","protected":false},"featured_media":1042,"comment_status":"open","ping_status":"closed","template":"","meta":{"_acf_changed":false,"product_autor":""},"product_cat":[45],"product_tag":[],"class_list":{"0":"post-1258","1":"product","2":"type-product","3":"status-publish","4":"has-post-thumbnail","6":"product_cat-literatura-y-novelas","8":"first","9":"instock","10":"virtual","11":"purchasable","12":"product-type-simple"},"acf":[],"_links":{"self":[{"href":"https:\/\/tulibreando.com\/index.php\/wp-json\/wp\/v2\/product\/1258"}],"collection":[{"href":"https:\/\/tulibreando.com\/index.php\/wp-json\/wp\/v2\/product"}],"about":[{"href":"https:\/\/tulibreando.com\/index.php\/wp-json\/wp\/v2\/types\/product"}],"replies":[{"embeddable":true,"href":"https:\/\/tulibreando.com\/index.php\/wp-json\/wp\/v2\/comments?post=1258"}],"wp:featuredmedia":[{"embeddable":true,"href":"https:\/\/tulibreando.com\/index.php\/wp-json\/wp\/v2\/media\/1042"}],"wp:attachment":[{"href":"https:\/\/tulibreando.com\/index.php\/wp-json\/wp\/v2\/media?parent=1258"}],"wp:term":[{"taxonomy":"product_cat","embeddable":true,"href":"https:\/\/tulibreando.com\/index.php\/wp-json\/wp\/v2\/product_cat?post=1258"},{"taxonomy":"product_tag","embeddable":true,"href":"https:\/\/tulibreando.com\/index.php\/wp-json\/wp\/v2\/product_tag?post=1258"}],"curies":[{"name":"wp","href":"https:\/\/api.w.org\/{rel}","templated":true}]}}