{"id":1232,"date":"2024-02-15T14:46:15","date_gmt":"2024-02-15T18:46:15","guid":{"rendered":"https:\/\/tulibreando.com\/?post_type=product&#038;p=1232"},"modified":"2024-06-06T15:16:56","modified_gmt":"2024-06-06T19:16:56","slug":"el-hombre-en-busca-de-sentido","status":"publish","type":"product","link":"https:\/\/tulibreando.com\/index.php\/product\/el-hombre-en-busca-de-sentido\/","title":{"rendered":"El hombre en busca de sentido"},"content":{"rendered":"<p>El hombre en busca de sentido&#8221; es una obra que ha inspirado a millones de personas en todo el mundo. A trav\u00e9s de sus p\u00e1ginas, Frankl nos invita a cuestionar nuestras vidas y a reflexionar sobre el sentido y prop\u00f3sito en nuestras propias existencias.<\/p>\n","protected":false},"excerpt":{"rendered":"<p>El hombre en busca de sentido&#8221; es una obra que ha inspirado a millones de personas en todo el mundo. A trav\u00e9s de sus p\u00e1ginas, Frankl nos invita a cuestionar nuestras vidas y a reflexionar sobre el sentido y prop\u00f3sito en nuestras propias existencias.<\/p>\n","protected":false},"featured_media":1064,"comment_status":"open","ping_status":"closed","template":"","meta":{"_acf_changed":false,"product_autor":""},"product_cat":[39,36,45],"product_tag":[],"class_list":{"0":"post-1232","1":"product","2":"type-product","3":"status-publish","4":"has-post-thumbnail","6":"product_cat-crecimiento-personal","7":"product_cat-libros","8":"product_cat-literatura-y-novelas","10":"first","11":"instock","12":"virtual","13":"purchasable","14":"product-type-simple"},"acf":[],"_links":{"self":[{"href":"https:\/\/tulibreando.com\/index.php\/wp-json\/wp\/v2\/product\/1232"}],"collection":[{"href":"https:\/\/tulibreando.com\/index.php\/wp-json\/wp\/v2\/product"}],"about":[{"href":"https:\/\/tulibreando.com\/index.php\/wp-json\/wp\/v2\/types\/product"}],"replies":[{"embeddable":true,"href":"https:\/\/tulibreando.com\/index.php\/wp-json\/wp\/v2\/comments?post=1232"}],"wp:featuredmedia":[{"embeddable":true,"href":"https:\/\/tulibreando.com\/index.php\/wp-json\/wp\/v2\/media\/1064"}],"wp:attachment":[{"href":"https:\/\/tulibreando.com\/index.php\/wp-json\/wp\/v2\/media?parent=1232"}],"wp:term":[{"taxonomy":"product_cat","embeddable":true,"href":"https:\/\/tulibreando.com\/index.php\/wp-json\/wp\/v2\/product_cat?post=1232"},{"taxonomy":"product_tag","embeddable":true,"href":"https:\/\/tulibreando.com\/index.php\/wp-json\/wp\/v2\/product_tag?post=1232"}],"curies":[{"name":"wp","href":"https:\/\/api.w.org\/{rel}","templated":true}]}}