{"id":1213,"date":"2024-02-15T14:46:08","date_gmt":"2024-02-15T18:46:08","guid":{"rendered":"https:\/\/tulibreando.com\/?post_type=product&#038;p=1213"},"modified":"2024-06-06T15:16:54","modified_gmt":"2024-06-06T19:16:54","slug":"las-48-leyes-del-poder","status":"publish","type":"product","link":"https:\/\/tulibreando.com\/index.php\/product\/las-48-leyes-del-poder\/","title":{"rendered":"Las 48 leyes del poder"},"content":{"rendered":"<p>El Resumen de Las 48 Leyes del Poder\u0094 habla en nombre de Greene a adultos, ni\u00f1os, todos los estudiantes, emprendedores, trabajadores y buscadores de poder para cambiar su mentalidad y percepci\u00f3n que los llevar\u00e1 a una forma de pensar m\u00e1s amplia generando felicidad y habilidad.<\/p>\n","protected":false},"excerpt":{"rendered":"<p>El Resumen de Las 48 Leyes del Poder\u0094 habla en nombre de Greene a adultos, ni\u00f1os, todos los estudiantes, emprendedores, trabajadores y buscadores de poder para cambiar su mentalidad y percepci\u00f3n que los llevar\u00e1 a una forma de pensar m\u00e1s amplia generando felicidad y habilidad.<\/p>\n","protected":false},"featured_media":1100,"comment_status":"open","ping_status":"closed","template":"","meta":{"_acf_changed":false,"product_autor":""},"product_cat":[39,50,36],"product_tag":[],"class_list":{"0":"post-1213","1":"product","2":"type-product","3":"status-publish","4":"has-post-thumbnail","6":"product_cat-crecimiento-personal","7":"product_cat-destacados","8":"product_cat-libros","10":"first","11":"instock","12":"virtual","13":"purchasable","14":"product-type-simple"},"acf":[],"_links":{"self":[{"href":"https:\/\/tulibreando.com\/index.php\/wp-json\/wp\/v2\/product\/1213"}],"collection":[{"href":"https:\/\/tulibreando.com\/index.php\/wp-json\/wp\/v2\/product"}],"about":[{"href":"https:\/\/tulibreando.com\/index.php\/wp-json\/wp\/v2\/types\/product"}],"replies":[{"embeddable":true,"href":"https:\/\/tulibreando.com\/index.php\/wp-json\/wp\/v2\/comments?post=1213"}],"wp:featuredmedia":[{"embeddable":true,"href":"https:\/\/tulibreando.com\/index.php\/wp-json\/wp\/v2\/media\/1100"}],"wp:attachment":[{"href":"https:\/\/tulibreando.com\/index.php\/wp-json\/wp\/v2\/media?parent=1213"}],"wp:term":[{"taxonomy":"product_cat","embeddable":true,"href":"https:\/\/tulibreando.com\/index.php\/wp-json\/wp\/v2\/product_cat?post=1213"},{"taxonomy":"product_tag","embeddable":true,"href":"https:\/\/tulibreando.com\/index.php\/wp-json\/wp\/v2\/product_tag?post=1213"}],"curies":[{"name":"wp","href":"https:\/\/api.w.org\/{rel}","templated":true}]}}