{"id":1193,"date":"2024-02-15T14:46:07","date_gmt":"2024-02-15T18:46:07","guid":{"rendered":"https:\/\/tulibreando.com\/?post_type=product&#038;p=1193"},"modified":"2024-06-06T15:16:49","modified_gmt":"2024-06-06T19:16:49","slug":"las-6-decisiones-mas-importantes","status":"publish","type":"product","link":"https:\/\/tulibreando.com\/index.php\/product\/las-6-decisiones-mas-importantes\/","title":{"rendered":"las 6 decisiones m\u00e1s importantes"},"content":{"rendered":"<p>Durante la juventud, nos enfrentamos a los retos m\u00e1s importantes de toda nuestra vida. En la infancia son los padres los que toman las decisiones por nosotros y, durante la vida adulta, esas decisiones son consecuencia de lo que decidimos cuando \u00e9ramos j\u00f3venes. Si durante la adolescencia tomamos las decisiones acertadas el resto del viaje consistir\u00e1 en mantenerlas y cosechar los frutos.<\/p>\n","protected":false},"excerpt":{"rendered":"<p>Durante la juventud, nos enfrentamos a los retos m\u00e1s importantes de toda nuestra vida. En la infancia son los padres los que toman las decisiones por nosotros y, durante la vida adulta, esas decisiones son consecuencia de lo que decidimos cuando \u00e9ramos j\u00f3venes. Si durante la adolescencia tomamos las decisiones acertadas el resto del viaje [&hellip;]<\/p>\n","protected":false},"featured_media":1144,"comment_status":"open","ping_status":"closed","template":"","meta":{"_acf_changed":false,"product_autor":""},"product_cat":[39,36],"product_tag":[],"class_list":{"0":"post-1193","1":"product","2":"type-product","3":"status-publish","4":"has-post-thumbnail","6":"product_cat-crecimiento-personal","7":"product_cat-libros","9":"first","10":"instock","11":"virtual","12":"purchasable","13":"product-type-simple"},"acf":[],"_links":{"self":[{"href":"https:\/\/tulibreando.com\/index.php\/wp-json\/wp\/v2\/product\/1193"}],"collection":[{"href":"https:\/\/tulibreando.com\/index.php\/wp-json\/wp\/v2\/product"}],"about":[{"href":"https:\/\/tulibreando.com\/index.php\/wp-json\/wp\/v2\/types\/product"}],"replies":[{"embeddable":true,"href":"https:\/\/tulibreando.com\/index.php\/wp-json\/wp\/v2\/comments?post=1193"}],"wp:featuredmedia":[{"embeddable":true,"href":"https:\/\/tulibreando.com\/index.php\/wp-json\/wp\/v2\/media\/1144"}],"wp:attachment":[{"href":"https:\/\/tulibreando.com\/index.php\/wp-json\/wp\/v2\/media?parent=1193"}],"wp:term":[{"taxonomy":"product_cat","embeddable":true,"href":"https:\/\/tulibreando.com\/index.php\/wp-json\/wp\/v2\/product_cat?post=1193"},{"taxonomy":"product_tag","embeddable":true,"href":"https:\/\/tulibreando.com\/index.php\/wp-json\/wp\/v2\/product_tag?post=1193"}],"curies":[{"name":"wp","href":"https:\/\/api.w.org\/{rel}","templated":true}]}}